[Date Prev][Date Next][Thread Prev][Thread Next][Date Index][Thread Index] [xen-unstable-smoke test] 187392: tolerable all pass - PUSHED
flight 187392 xen-unstable-smoke real [real] http://logs.test-lab.xenproject.org/osstest/logs/187392/ Failures :-/ but no regressions. Tests which did not succeed, but are not blocking: test-amd64-amd64-libvirt 15 migrate-support-check fail never pass test-arm64-arm64-xl-xsm 15 migrate-support-check fail never pass test-arm64-arm64-xl-xsm 16 saverestore-support-check fail never pass test-armhf-armhf-xl 15 migrate-support-check fail never pass test-armhf-armhf-xl 16 saverestore-support-check fail never pass version targeted for testing: xen 0e0426dda4bcc67826a575822538583e8f5b7cfc baseline version: xen fb1658221a31ec1db33253a80001191391e73b17 Last test of basis 187386 2024-08-28 19:00:23 Z 0 days Testing same since 187392 2024-08-29 01:00:24 Z 0 days 1 attempts ------------------------------------------------------------ People who touched revisions under test: Federico Serafini <federico.serafini@xxxxxxxxxxx> Victor Lira <victorm.lira@xxxxxxx> jobs: build-arm64-xsm pass build-amd64 pass build-armhf pass build-amd64-libvirt pass test-armhf-armhf-xl pass test-arm64-arm64-xl-xsm pass test-amd64-amd64-xl-qemuu-debianhvm-amd64 pass test-amd64-amd64-libvirt pass ------------------------------------------------------------ sg-report-flight on osstest.test-lab.xenproject.org logs: /home/logs/logs images: /home/logs/images Logs, config files, etc. are available at http://logs.test-lab.xenproject.org/osstest/logs Explanation of these reports, and of osstest in general, is at http://xenbits.xen.org/gitweb/?p=osstest.git;a=blob;f=README.email;hb=master http://xenbits.xen.org/gitweb/?p=osstest.git;a=blob;f=README;hb=master Test harness code can be found at http://xenbits.xen.org/gitweb?p=osstest.git;a=summary Pushing revision : To xenbits.xen.org:/home/xen/git/xen.git fb1658221a..0e0426dda4 0e0426dda4bcc67826a575822538583e8f5b7cfc -> smoke
|
![]() |
Lists.xenproject.org is hosted with RackSpace, monitoring our |