[Date Prev][Date Next][Thread Prev][Thread Next][Date Index][Thread Index]

[linux-6.1 test] 185746: tolerable FAIL - PUSHED



flight 185746 linux-6.1 real [real]
http://logs.test-lab.xenproject.org/osstest/logs/185746/

Failures :-/ but no regressions.

Tests which did not succeed, but are not blocking:
 test-armhf-armhf-libvirt     16 saverestore-support-check    fail  like 185299
 test-amd64-amd64-xl-qemuu-win7-amd64 19 guest-stop            fail like 185299
 test-amd64-amd64-xl-qemuu-ws16-amd64 19 guest-stop            fail like 185299
 test-amd64-amd64-xl-qemut-win7-amd64 19 guest-stop            fail like 185299
 test-amd64-amd64-xl-qemut-ws16-amd64 19 guest-stop            fail like 185299
 test-amd64-amd64-qemuu-nested-amd 20 debian-hvm-install/l1/l2 fail like 185299
 test-amd64-amd64-libvirt     15 migrate-support-check        fail   never pass
 test-amd64-amd64-libvirt-xsm 15 migrate-support-check        fail   never pass
 test-amd64-amd64-libvirt-qemuu-debianhvm-amd64-xsm 13 migrate-support-check 
fail never pass
 test-arm64-arm64-xl-thunderx 15 migrate-support-check        fail   never pass
 test-arm64-arm64-xl-thunderx 16 saverestore-support-check    fail   never pass
 test-arm64-arm64-xl-credit1  15 migrate-support-check        fail   never pass
 test-arm64-arm64-xl-credit1  16 saverestore-support-check    fail   never pass
 test-arm64-arm64-xl-xsm      15 migrate-support-check        fail   never pass
 test-arm64-arm64-xl-xsm      16 saverestore-support-check    fail   never pass
 test-arm64-arm64-xl-credit2  15 migrate-support-check        fail   never pass
 test-arm64-arm64-xl-credit2  16 saverestore-support-check    fail   never pass
 test-arm64-arm64-xl          15 migrate-support-check        fail   never pass
 test-arm64-arm64-xl          16 saverestore-support-check    fail   never pass
 test-armhf-armhf-xl-multivcpu 15 migrate-support-check        fail  never pass
 test-armhf-armhf-xl-multivcpu 16 saverestore-support-check    fail  never pass
 test-arm64-arm64-libvirt-xsm 15 migrate-support-check        fail   never pass
 test-arm64-arm64-libvirt-xsm 16 saverestore-support-check    fail   never pass
 test-armhf-armhf-xl-credit1  15 migrate-support-check        fail   never pass
 test-armhf-armhf-xl-credit1  16 saverestore-support-check    fail   never pass
 test-armhf-armhf-libvirt     15 migrate-support-check        fail   never pass
 test-amd64-amd64-libvirt-qcow2 14 migrate-support-check        fail never pass
 test-armhf-armhf-xl-arndale  15 migrate-support-check        fail   never pass
 test-armhf-armhf-xl-arndale  16 saverestore-support-check    fail   never pass
 test-armhf-armhf-xl-credit2  15 migrate-support-check        fail   never pass
 test-armhf-armhf-xl-credit2  16 saverestore-support-check    fail   never pass
 test-armhf-armhf-xl          15 migrate-support-check        fail   never pass
 test-armhf-armhf-xl          16 saverestore-support-check    fail   never pass
 test-amd64-amd64-libvirt-vhd 14 migrate-support-check        fail   never pass
 test-armhf-armhf-xl-rtds     15 migrate-support-check        fail   never pass
 test-armhf-armhf-xl-rtds     16 saverestore-support-check    fail   never pass
 test-amd64-amd64-libvirt-raw 14 migrate-support-check        fail   never pass
 test-arm64-arm64-libvirt-raw 14 migrate-support-check        fail   never pass
 test-arm64-arm64-libvirt-raw 15 saverestore-support-check    fail   never pass
 test-arm64-arm64-xl-vhd      14 migrate-support-check        fail   never pass
 test-arm64-arm64-xl-vhd      15 saverestore-support-check    fail   never pass
 test-armhf-armhf-xl-qcow2    14 migrate-support-check        fail   never pass
 test-armhf-armhf-xl-qcow2    15 saverestore-support-check    fail   never pass
 test-armhf-armhf-xl-raw      14 migrate-support-check        fail   never pass
 test-armhf-armhf-xl-raw      15 saverestore-support-check    fail   never pass
 test-armhf-armhf-libvirt-vhd 14 migrate-support-check        fail   never pass
 test-armhf-armhf-libvirt-vhd 15 saverestore-support-check    fail   never pass

version targeted for testing:
 linux                6741e066ec7633450d3186946035c1f80c4226b8
baseline version:
 linux                bf1e3b1cb1e002ed1590c91f1a24433b59322368

Last test of basis   185299  2024-04-10 14:42:59 Z   10 days
Failing since        185434  2024-04-13 11:42:42 Z    7 days    7 attempts
Testing same since   185746  2024-04-20 18:14:28 Z    0 days    1 attempts

------------------------------------------------------------
People who touched revisions under test:
  Adam Dunlap <acdunlap@xxxxxxxxxx>
  Alban Boyé <alban.boye@xxxxxxxxxxxxxx>
  Aleksandr Burakov <a.burakov@xxxxxxxxxxxx>
  Alex Constantino <dreaming.about.electric.sheep@xxxxxxxxx>
  Alex Deucher <alexander.deucher@xxxxxxx>
  Alex Henrie <alexhenrie24@xxxxxxxxx>
  Amit Bernstein <amitbern@xxxxxxxxxx>
  Andrew Lunn <andrew@xxxxxxx>
  Anna-Maria Behnsen <anna-maria@xxxxxxxxxxxxx>
  Ard Biesheuvel <ardb@xxxxxxxxxx>
  Arend van Spriel <arend.vanspriel@xxxxxxxxxxxx>
  Aric Cyr <aric.cyr@xxxxxxx>
  Arnd Bergmann <arnd@xxxxxxxx>
  Arthur Kiyanovski <akiyano@xxxxxxxxxx>
  Arınç ÜNAL <arinc.unal@xxxxxxxxxx>
  Baochen Qiang <quic_bqiang@xxxxxxxxxxx>
  Bharath SM <bharathsm@xxxxxxxxxxxxx>
  Bjorn Helgaas <bhelgaas@xxxxxxxxxx>
  Bo Ye <bo.ye@xxxxxxxxxxxx>
  Boqun Feng <boqun.feng@xxxxxxxxx>
  Boris Burkov <boris@xxxxxx>
  Borislav Petkov (AMD) <bp@xxxxxxxxx>
  C Cheng <C.Cheng@xxxxxxxxxxxx>
  Carolina Jubran <cjubran@xxxxxxxxxx>
  Chancel Liu <chancel.liu@xxxxxxx>
  Christian Brauner <brauner@xxxxxxxxxx>
  Christoph Hellwig <hch@xxxxxx>
  Colin Ian King <colin.i.king@xxxxxxxxx>
  Cosmin Ratiu <cratiu@xxxxxxxxxx>
  Dai Ngo <dai.ngo@xxxxxxxxxx>
  Damien Le Moal <dlemoal@xxxxxxxxxx>
  Dan Carpenter <dan.carpenter@xxxxxxxxxx>
  Daniel Borkmann <daniel@xxxxxxxxxxxxx>
  Daniel Drake <drake@xxxxxxxxxxxxx>
  Daniel Lezcano <daniel.lezcano@xxxxxxxxxx>
  Daniel Machon <daniel.machon@xxxxxxxxxxxxx>
  Daniel Sneddon <daniel.sneddon@xxxxxxxxxxxxxxx>
  Daniel Wheeler <daniel.wheeler@xxxxxxx>
  Danilo Krummrich <dakr@xxxxxxxxxx>
  Dave Airlie <airlied@xxxxxxxxxx>
  David Arinzon <darinzon@xxxxxxxxxx>
  David Hildenbrand <david@xxxxxxxxxx>
  David S. Miller <davem@xxxxxxxxxxxxx>
  David Sterba <dsterba@xxxxxxxx>
  Dmitry Antipov <dmantipov@xxxxxxxxx>
  Dmitry Torokhov <dmitry.torokhov@xxxxxxxxx>
  Duje Mihanović <duje.mihanovic@xxxxxxxx>
  Edward Adam Davis <eadavis@xxxxxx>
  Eelco Chaudron <echaudro@xxxxxxxxxx>
  Eric Dumazet <edumazet@xxxxxxxxxx>
  Florian Fainelli <florian.fainelli@xxxxxxxxxxxx>
  Florian Westphal <fw@xxxxxxxxx>
  Frank Li <Frank.Li@xxxxxxx>
  Fudongwang <fudong.wang@xxxxxxx>
  Gavin Shan <gshan@xxxxxxxxxx>
  Geert Uytterhoeven <geert+renesas@xxxxxxxxx>
  Geetha sowjanya <gakula@xxxxxxxxxxx>
  Gergo Koteles <soyer@xxxxxx>
  Greg Kroah-Hartman <gregkh@xxxxxxxxxxxxxxxxxxx>
  Gwendal Grignou <gwendal@xxxxxxxxxxxx>
  Hamza Mahfooz <hamza.mahfooz@xxxxxxx>
  Hans de Goede <hdegoede@xxxxxxxxxx>
  Hans Verkuil <hverkuil-cisco@xxxxxxxxx>
  Harish Kasiviswanathan <Harish.Kasiviswanathan@xxxxxxx>
  Harshit Mogalapalli <harshit.m.mogalapalli@xxxxxxxxxx>
  Heiko Stuebner <heiko@xxxxxxxxx>
  Helge Deller <deller@xxxxxx>
  Ian Rogers <irogers@xxxxxxxxxx>
  Ilpo Järvinen <ilpo.jarvinen@xxxxxxxxxxxxxxx>
  Ilya Maximets <i.maximets@xxxxxxx>
  Ingo Molnar <mingo@xxxxxxxxxx>
  Jacob Keller <jacob.e.keller@xxxxxxxxx>
  Jacob Pan <jacob.jun.pan@xxxxxxxxxxxxxxx>
  Jakub Kicinski <kuba@xxxxxxxxxx>
  Jammy Huang <jammy_huang@xxxxxxxxxxxxxx>
  Jan Kara <jack@xxxxxxx>
  Jason Wang <jasowang@xxxxxxxxxx>
  Jeff Johnson <quic_jjohnson@xxxxxxxxxxx>
  Jeffrey Hugo <quic_jhugo@xxxxxxxxxxx>
  Jens Axboe <axboe@xxxxxxxxx>
  Jian-Hong Pan <jhp@xxxxxxxxxxxxx>
  Jiawei Fu (iBug) <i@xxxxxxxxxxx>
  Jiawei Fu <i@xxxxxxxxxxx>
  Jiri Benc <jbenc@xxxxxxxxxx>
  Joerg Roedel <jroedel@xxxxxxx>
  Johan Jonker <jbx6244@xxxxxxxxx>
  Johannes Berg <johannes.berg@xxxxxxxxx>
  John Ogness <john.ogness@xxxxxxxxxxxxx>
  John Stultz <jstultz@xxxxxxxxxx>
  Jon Hunter <jonathanh@xxxxxxxxxx>
  Jonathan Cameron <Jonathan.Cameron@xxxxxxxxxx>
  Josh Poimboeuf <jpoimboe@xxxxxxxxxx>
  Justin Tee <justin.tee@xxxxxxxxxxxx>
  Kalle Valo <kvalo@xxxxxxxxxx>
  Kalle Valo <quic_kvalo@xxxxxxxxxxx>
  Karel Balej <balejk@xxxxxxxxx>
  Kees Cook <keescook@xxxxxxxxxxxx>
  Keith Busch <kbusch@xxxxxxxxxx>
  Kelsey Steele <kelseysteele@xxxxxxxxxxxxxxxxxxx>
  kernelci.org bot <bot@xxxxxxxxxxxx>
  Kevin Loughlin <kevinloughlin@xxxxxxxxxx>
  Konrad Dybcio <konrad.dybcio@xxxxxxxxxx>
  Kuniyuki Iwashima <kuniyu@xxxxxxxxxx>
  Kunwu Chan <chentao@xxxxxxxxxx>
  Leon Romanovsky <leon@xxxxxxxxxx>
  Lijo Lazar <lijo.lazar@xxxxxxx>
  linke li <lilinke99@xxxxxx>
  Linus Walleij <linus.walleij@xxxxxxxxxx>
  Linux Kernel Functional Testing <lkft@xxxxxxxxxx>
  Lu Baolu <baolu.lu@xxxxxxxxxxxxxxx>
  Luiz Augusto von Dentz <luiz.von.dentz@xxxxxxxxx>
  Ma Jun <Jun.Ma2@xxxxxxx>
  Manaf Meethalavalappu Pallikunhi <quic_manafm@xxxxxxxxxxx>
  Manivannan Sadhasivam <manivannan.sadhasivam@xxxxxxxxxx>
  Manjunath Patil <manjunath.b.patil@xxxxxxxxxx>
  Marco Felsch <m.felsch@xxxxxxxxxxxxxx>
  Marek Vasut <marex@xxxxxxx>
  Mario Limonciello <mario.limonciello@xxxxxxx>
  Mark Brown <broonie@xxxxxxxxxx>
  Markus Elfring <elfring@xxxxxxxxxxxxxxxxxxxxx>
  Markuss Broks <markuss.broks@xxxxxxxxx>
  Martin K. Petersen <martin.petersen@xxxxxxxxxx>
  Masami Hiramatsu (Google) <mhiramat@xxxxxxxxxx>
  Mateusz Jończyk <mat.jonczyk@xxxxx>
  Maxime Ripard <mripard@xxxxxxxxxx>
  Maíra Canal <mcanal@xxxxxxxxxx>
  Michael Chan <michael.chan@xxxxxxxxxxxx>
  Michael Grzeschik <m.grzeschik@xxxxxxxxxxxxxx>
  Michael S. Tsirkin <mst@xxxxxxxxxx>
  Michal Luczaj <mhal@xxxxxxx>
  Mika Westerberg <mika.westerberg@xxxxxxxxxxxxxxx>
  Mike Marshall <hubcap@xxxxxxxxxxxx>
  Miri Korenblit <miriam.rachel.korenblit@xxxxxxxxx>
  mosomate <mosomate@xxxxxxxxx>
  Mukesh Sisodiya <mukesh.sisodiya@xxxxxxxxx>
  Máté Mosonyi <mosomate@xxxxxxxxx>
  Namhyung Kim <namhyung@xxxxxxxxxx>
  Nini Song <nini.song@xxxxxxxxxxxx>
  Pablo Neira Ayuso <pablo@xxxxxxxxxxxxx>
  Paolo Abeni <pabeni@xxxxxxxxxx>
  Paul E. McKenney <paulmck@xxxxxxxxxx>
  Pavan Chebbi <pavan.chebbi@xxxxxxxxxxxx>
  Pavel Begunkov <asml.silence@xxxxxxxxx>
  Pavel Machek (CIP) <pavel@xxxxxxx>
  Peter Zijlstra (Intel) <peterz@xxxxxxxxxxxxx>
  Petr Mladek <pmladek@xxxxxxxx>
  Petr Tesarik <petr@xxxxxxxxxxx>
  Petre Rodan <petre.rodan@xxxxxxxxxxxxxxx>
  Pierre-Louis Bossart <pierre-louis.bossart@xxxxxxxxxxxxxxx>
  Ping-Ke Shih <pkshih@xxxxxxxxxxx>
  Rafael J. Wysocki <rafael.j.wysocki@xxxxxxxxx>
  Rafael J. Wysocki <rafael@xxxxxxxxxx>
  Rafal Romanowski <rafal.romanowski@xxxxxxxxx>
  Ricardo B. Marliere <ricardo@xxxxxxxxxxxx>
  Rick Edgecombe <rick.p.edgecombe@xxxxxxxxx>
  Rodrigo Vivi <rodrigo.vivi@xxxxxxxxx>
  Roman Smirnov <r.smirnov@xxxxxx>
  Ron Economos <re@xxxxxxxx>
  Saeed Mahameed <saeedm@xxxxxxxxxx>
  Samasth Norway Ananda <samasth.norway.ananda@xxxxxxxxxx>
  Samuel Dionne-Riel <samuel@xxxxxxxxxxxxxxx>
  Sandipan Das <sandipan.das@xxxxxxx>
  Sasha Levin <sashal@xxxxxxxxxx>
  Sean Christopherson <seanjc@xxxxxxxxxx>
  SeongJae Park <sj@xxxxxxxxxx>
  Serge Semin <fancer.lancer@xxxxxxxxx>
  Shannon Nelson <shannon.nelson@xxxxxxx>
  Shawn Guo <shawnguo@xxxxxxxxxx>
  Shay Agroskin <shayagr@xxxxxxxxxx>
  Shuah Khan <skhan@xxxxxxxxxxxxxxxxxxx>
  Simon Wunderlich <sw@xxxxxxxxxxxxxxxxxx>
  Srinivasan Shanmugam <srinivasan.shanmugam@xxxxxxx>
  Steve French <stfrench@xxxxxxxxxxxxx>
  Steven Rostedt (Google) <rostedt@xxxxxxxxxxx>
  Steven Rostedt <rostedt@xxxxxxxxxxx>
  Sven Eckelmann <sven@xxxxxxxxxxxxx>
  Takashi Iwai <tiwai@xxxxxxx>
  Takashi Sakamoto <o-takashi@xxxxxxxxxxxxx>
  Tariq Toukan <tariqt@xxxxxxxxxx>
  Tasos Sahanidis <tasos@xxxxxxxxxxxx>
  Tetsuo Handa <penguin-kernel@xxxxxxxxxxxxxxxxxxx>
  Thadeu Lima de Souza Cascardo <cascardo@xxxxxxxxxxxxx>
  Theodore Ts'o <tytso@xxxxxxx>
  Thierry Reding <treding@xxxxxxxxxx>
  Thomas Gleixner <tglx@xxxxxxxxxxxxx>
  Thomas Zimmermann <tzimmermann@xxxxxxx>
  Tim Huang <Tim.Huang@xxxxxxx>
  Toke Høiland-Jørgensen <toke@xxxxxxx>
  Tony Nguyen <anthony.l.nguyen@xxxxxxxxx>
  Trond Myklebust <trond.myklebust@xxxxxxxxxxxxxxx>
  Vasiliy Kovalev <kovalev@xxxxxxxxxxxx>
  Vidya Srinivas <vidya.srinivas@xxxxxxxxx>
  Ville Syrjälä <ville.syrjala@xxxxxxxxxxxxxxx>
  Viresh Kumar <viresh.kumar@xxxxxxxxxx>
  xiabing <xiabing12@xxxxxxxxxxxxxx>
  Xiang Chen <chenxiang66@xxxxxxxxxxxxx>
  Yann Sionneau<ysionneau@xxxxxxxxxxxxx>
  Ye Bin <yebin10@xxxxxxxxxx>
  Yihang Li <liyihang9@xxxxxxxxxx>
  Zhang Yi <yi.zhang@xxxxxxxxxx>
  Zheng Yejian <zhengyejian1@xxxxxxxxxx>

jobs:
 build-amd64-xsm                                              pass    
 build-arm64-xsm                                              pass    
 build-i386-xsm                                               pass    
 build-amd64                                                  pass    
 build-arm64                                                  pass    
 build-armhf                                                  pass    
 build-i386                                                   pass    
 build-amd64-libvirt                                          pass    
 build-arm64-libvirt                                          pass    
 build-armhf-libvirt                                          pass    
 build-i386-libvirt                                           pass    
 build-amd64-pvops                                            pass    
 build-arm64-pvops                                            pass    
 build-armhf-pvops                                            pass    
 build-i386-pvops                                             pass    
 test-amd64-amd64-xl                                          pass    
 test-amd64-coresched-amd64-xl                                pass    
 test-arm64-arm64-xl                                          pass    
 test-armhf-armhf-xl                                          pass    
 test-amd64-amd64-libvirt-qemuu-debianhvm-amd64-xsm           pass    
 test-amd64-amd64-xl-qemut-stubdom-debianhvm-amd64-xsm        pass    
 test-amd64-amd64-xl-qemut-debianhvm-i386-xsm                 pass    
 test-amd64-amd64-xl-qemuu-debianhvm-i386-xsm                 pass    
 test-amd64-amd64-libvirt-xsm                                 pass    
 test-arm64-arm64-libvirt-xsm                                 pass    
 test-amd64-amd64-xl-xsm                                      pass    
 test-arm64-arm64-xl-xsm                                      pass    
 test-amd64-amd64-qemuu-nested-amd                            fail    
 test-amd64-amd64-xl-pvhv2-amd                                pass    
 test-amd64-amd64-dom0pvh-xl-amd                              pass    
 test-amd64-amd64-xl-qemut-debianhvm-amd64                    pass    
 test-amd64-amd64-xl-qemuu-debianhvm-amd64                    pass    
 test-amd64-amd64-qemuu-freebsd11-amd64                       pass    
 test-amd64-amd64-qemuu-freebsd12-amd64                       pass    
 test-amd64-amd64-xl-qemuu-ovmf-amd64                         pass    
 test-amd64-amd64-xl-qemut-win7-amd64                         fail    
 test-amd64-amd64-xl-qemuu-win7-amd64                         fail    
 test-amd64-amd64-xl-qemut-ws16-amd64                         fail    
 test-amd64-amd64-xl-qemuu-ws16-amd64                         fail    
 test-armhf-armhf-xl-arndale                                  pass    
 test-amd64-amd64-examine-bios                                pass    
 test-amd64-amd64-xl-credit1                                  pass    
 test-arm64-arm64-xl-credit1                                  pass    
 test-armhf-armhf-xl-credit1                                  pass    
 test-amd64-amd64-xl-credit2                                  pass    
 test-arm64-arm64-xl-credit2                                  pass    
 test-armhf-armhf-xl-credit2                                  pass    
 test-amd64-amd64-xl-qemuu-dmrestrict-amd64-dmrestrict        pass    
 test-amd64-amd64-examine                                     pass    
 test-arm64-arm64-examine                                     pass    
 test-armhf-armhf-examine                                     pass    
 test-amd64-amd64-qemuu-nested-intel                          pass    
 test-amd64-amd64-xl-pvhv2-intel                              pass    
 test-amd64-amd64-dom0pvh-xl-intel                            pass    
 test-amd64-amd64-libvirt                                     pass    
 test-armhf-armhf-libvirt                                     pass    
 test-amd64-amd64-xl-multivcpu                                pass    
 test-armhf-armhf-xl-multivcpu                                pass    
 test-amd64-amd64-pair                                        pass    
 test-amd64-amd64-libvirt-pair                                pass    
 test-amd64-amd64-xl-pvshim                                   pass    
 test-amd64-amd64-pygrub                                      pass    
 test-amd64-amd64-libvirt-qcow2                               pass    
 test-amd64-amd64-xl-qcow2                                    pass    
 test-armhf-armhf-xl-qcow2                                    pass    
 test-amd64-amd64-libvirt-raw                                 pass    
 test-arm64-arm64-libvirt-raw                                 pass    
 test-amd64-amd64-xl-raw                                      pass    
 test-armhf-armhf-xl-raw                                      pass    
 test-amd64-amd64-xl-rtds                                     pass    
 test-armhf-armhf-xl-rtds                                     pass    
 test-amd64-amd64-xl-qemuu-debianhvm-amd64-shadow             pass    
 test-amd64-amd64-xl-shadow                                   pass    
 test-arm64-arm64-xl-thunderx                                 pass    
 test-amd64-amd64-examine-uefi                                pass    
 test-amd64-amd64-libvirt-vhd                                 pass    
 test-armhf-armhf-libvirt-vhd                                 pass    
 test-amd64-amd64-xl-vhd                                      pass    
 test-arm64-arm64-xl-vhd                                      pass    


------------------------------------------------------------
sg-report-flight on osstest.test-lab.xenproject.org
logs: /home/logs/logs
images: /home/logs/images

Logs, config files, etc. are available at
    http://logs.test-lab.xenproject.org/osstest/logs

Explanation of these reports, and of osstest in general, is at
    http://xenbits.xen.org/gitweb/?p=osstest.git;a=blob;f=README.email;hb=master
    http://xenbits.xen.org/gitweb/?p=osstest.git;a=blob;f=README;hb=master

Test harness code can be found at
    http://xenbits.xen.org/gitweb?p=osstest.git;a=summary


Pushing revision :

hint: The 'hooks/update' hook was ignored because it's not set as executable.
hint: You can disable this warning with `git config advice.ignoredHook false`.
hint: The 'hooks/post-receive' hook was ignored because it's not set as 
executable.
hint: You can disable this warning with `git config advice.ignoredHook false`.
hint: The 'hooks/post-update' hook was ignored because it's not set as 
executable.
hint: You can disable this warning with `git config advice.ignoredHook false`.
To xenbits.xen.org:/home/xen/git/linux-pvops.git
   bf1e3b1cb1e0..6741e066ec76  6741e066ec7633450d3186946035c1f80c4226b8 -> 
tested/linux-6.1



 


Rackspace

Lists.xenproject.org is hosted with RackSpace, monitoring our
servers 24x7x365 and backed by RackSpace's Fanatical Support®.