[Date Prev][Date Next][Thread Prev][Thread Next][Date Index][Thread Index] [linux-linus test] 184410: tolerable FAIL - PUSHED
flight 184410 linux-linus real [real] flight 184412 linux-linus real-retest [real] http://logs.test-lab.xenproject.org/osstest/logs/184410/ http://logs.test-lab.xenproject.org/osstest/logs/184412/ Failures :-/ but no regressions. Tests which are failing intermittently (not blocking): test-armhf-armhf-libvirt 10 host-ping-check-xen fail pass in 184412-retest test-amd64-amd64-xl-multivcpu 22 guest-start/debian.repeat fail pass in 184412-retest Tests which did not succeed, but are not blocking: test-armhf-armhf-libvirt 16 saverestore-support-check fail in 184412 like 184405 test-armhf-armhf-libvirt 15 migrate-support-check fail in 184412 never pass test-amd64-amd64-xl-qemut-win7-amd64 19 guest-stop fail like 184405 test-amd64-amd64-xl-qemuu-win7-amd64 19 guest-stop fail like 184405 test-amd64-amd64-xl-qemuu-ws16-amd64 19 guest-stop fail like 184405 test-armhf-armhf-libvirt-raw 15 saverestore-support-check fail like 184405 test-amd64-amd64-xl-qemut-ws16-amd64 19 guest-stop fail like 184405 test-armhf-armhf-libvirt-qcow2 15 saverestore-support-check fail like 184405 test-amd64-amd64-qemuu-nested-amd 20 debian-hvm-install/l1/l2 fail like 184405 test-amd64-amd64-libvirt 15 migrate-support-check fail never pass test-amd64-amd64-libvirt-xsm 15 migrate-support-check fail never pass test-arm64-arm64-xl-thunderx 15 migrate-support-check fail never pass test-arm64-arm64-xl-thunderx 16 saverestore-support-check fail never pass test-arm64-arm64-xl-xsm 15 migrate-support-check fail never pass test-arm64-arm64-xl 15 migrate-support-check fail never pass test-arm64-arm64-xl 16 saverestore-support-check fail never pass test-arm64-arm64-xl-xsm 16 saverestore-support-check fail never pass test-arm64-arm64-libvirt-xsm 15 migrate-support-check fail never pass test-arm64-arm64-libvirt-xsm 16 saverestore-support-check fail never pass test-arm64-arm64-xl-credit2 15 migrate-support-check fail never pass test-arm64-arm64-xl-credit2 16 saverestore-support-check fail never pass test-arm64-arm64-xl-credit1 15 migrate-support-check fail never pass test-arm64-arm64-xl-credit1 16 saverestore-support-check fail never pass test-armhf-armhf-xl-arndale 15 migrate-support-check fail never pass test-armhf-armhf-xl-arndale 16 saverestore-support-check fail never pass test-amd64-amd64-libvirt-qemuu-debianhvm-amd64-xsm 13 migrate-support-check fail never pass test-armhf-armhf-xl-multivcpu 15 migrate-support-check fail never pass test-armhf-armhf-xl-multivcpu 16 saverestore-support-check fail never pass test-armhf-armhf-xl-rtds 15 migrate-support-check fail never pass test-armhf-armhf-xl-rtds 16 saverestore-support-check fail never pass test-arm64-arm64-libvirt-raw 14 migrate-support-check fail never pass test-arm64-arm64-libvirt-raw 15 saverestore-support-check fail never pass test-amd64-amd64-libvirt-raw 14 migrate-support-check fail never pass test-arm64-arm64-xl-vhd 14 migrate-support-check fail never pass test-arm64-arm64-xl-vhd 15 saverestore-support-check fail never pass test-armhf-armhf-libvirt-raw 14 migrate-support-check fail never pass test-armhf-armhf-xl-vhd 14 migrate-support-check fail never pass test-armhf-armhf-xl-vhd 15 saverestore-support-check fail never pass test-amd64-amd64-libvirt-qcow2 14 migrate-support-check fail never pass test-armhf-armhf-xl 15 migrate-support-check fail never pass test-armhf-armhf-xl 16 saverestore-support-check fail never pass test-armhf-armhf-xl-credit1 15 migrate-support-check fail never pass test-armhf-armhf-xl-credit1 16 saverestore-support-check fail never pass test-armhf-armhf-xl-credit2 15 migrate-support-check fail never pass test-armhf-armhf-xl-credit2 16 saverestore-support-check fail never pass test-armhf-armhf-libvirt-qcow2 14 migrate-support-check fail never pass version targeted for testing: linux 9d64bf433c53cab2f48a3fff7a1f2a696bc5229a baseline version: linux 556e2d17cae620d549c5474b1ece053430cd50bc Last test of basis 184405 2024-01-19 18:44:05 Z 0 days Testing same since 184410 2024-01-20 04:27:32 Z 0 days 1 attempts ------------------------------------------------------------ People who touched revisions under test: =?UTF-8?q?Thomas=20Hellstr=C3=B6m?= <thomas.hellstrom@xxxxxxxxxxxxxxx> Adrian Hunter <adrian.hunter@xxxxxxxxx> Ahelenia Ziemiańska <nabijaczleweli@xxxxxxxxxxxxxxxxxx> Alex Deucher <alexander.deucher@xxxxxxx> Alex Hung <alex.hung@xxxxxxx> Amadeusz Sławiński <amadeuszx.slawinski@xxxxxxxxxxxxxxx> Ammy Yi <ammy.yi@xxxxxxxxx> Andrew Davis <afd@xxxxxx> AngeloGioacchino Del Regno <angelogioacchino.delregno@xxxxxxxxxxxxx> Ard Biesheuvel <ardb@xxxxxxxxxx> Aric Cyr <aric.cyr@xxxxxxx> Arnaldo Carvalho de Melo <acme@xxxxxxxxxx> Arnaldo Carvalho de Melo <acme@xxxxxxxxxx> Asmaa Mnebhi <asmaa@xxxxxxxxxx> Athira Jajeev <atrajeev@xxxxxxxxxxxxxxxxxx> Athira Rajeev <atrajeev@xxxxxxxxxxxxxxxxxx> Ben Gainey <ben.gainey@xxxxxxx> Benjamin Gray <bgray@xxxxxxxxxxxxx> Bin Li <bin.li@xxxxxxxxxxxxx> Binbin Zhou <zhoubinbin@xxxxxxxxxxx> Brian Welty <brian.welty@xxxxxxxxx> Candice Li <candice.li@xxxxxxx> Chancel Liu <chancel.liu@xxxxxxx> Charalampos Mitrodimas <charmitro@xxxxxxxxxx> Charlene Liu <charlene.liu@xxxxxxx> Chengen Du <chengen.du@xxxxxxxxxxxxx> ChiYuan Huang <cy_huang@xxxxxxxxxxx> Christian König <christian.koenig@xxxxxxx> Christophe JAILLET <christophe.jaillet@xxxxxxxxxx> Colin Ian King <colin.i.king@xxxxxxxxx> Conor Dooley <conor.dooley@xxxxxxxxxxxxx> Dafna Hirschfeld <dhirschfeld@xxxxxxxxx> Dan Carpenter <dan.carpenter@xxxxxxxxxx> Daniel Miess <daniel.miess@xxxxxxx> Daniel Wheeler <daniel.wheeler@xxxxxxx> Dave Airlie <airlied@xxxxxxxxxx> Dillon Varone <dillon.varone@xxxxxxx> Dimitri John Ledkov <dimitri.ledkov@xxxxxxxxxxxxx> Disha Goel <disgoel@xxxxxxxxxxxxx> Elliot Berman <quic_eberman@xxxxxxxxxxx> Fedor Pchelkin <pchelkin@xxxxxxxxx> Felix Kuehling <felix.kuehling@xxxxxxx> Flora Cui <flora.cui@xxxxxxx> Gaosheng Cui <cuigaosheng1@xxxxxxxxxx> George Shen <george.shen@xxxxxxx> Guo Ren <guoren@xxxxxxxxxx> Hamza Mahfooz <hamza.mahfooz@xxxxxxx> Hawking Zhang <Hawking.Zhang@xxxxxxx> Hector Martin <marcan@xxxxxxxxx> Heiner Kallweit <hkallweit1@xxxxxxxxx> Hengqi Chen <hengqi.chen@xxxxxxxxx> Hermes Zhang <chenhuiz@xxxxxxxx> Hongliang Wang <wanghongliang@xxxxxxxxxxx> Huacai Chen <chenhuacai@xxxxxxxxxxx> Ian Rogers <irogers@xxxxxxxxxx> Ilkka Koskinen <ilkka@xxxxxxxxxxxxxxxxxxxxxx> Ilya Bakoulin <ilya.bakoulin@xxxxxxx> Ilya Leoshkevich <iii@xxxxxxxxxxxxx> Ingo Molnar <mingo@xxxxxxx> Ingo Molnar <mingo@xxxxxxxxxx> Inochi Amaoto <inochiama@xxxxxxxxxxx> Ivan Lipski <ivlipski@xxxxxxx> James Clark <james.clark@xxxxxxx> James Zhu <James.Zhu@xxxxxxx> Jan Palus <jpalus@xxxxxxxxxxxx> Jani Nikula <jani.nikula@xxxxxxxxx> Ji Sheng Teoh <jisheng.teoh@xxxxxxxxxxxxxxxx> JiaLong.Yang <jialong.yang@xxxxxxxxxxxx> Jiaxun Yang <jiaxun.yang@xxxxxxxxxxx> Jing Zhang <renyu.zj@xxxxxxxxxxxxxxxxx> Jiri Olsa <jolsa@xxxxxxxxxx> Johan Hovold <johan+linaro@xxxxxxxxxx> John Johansen <john.johansen@xxxxxxxxxxxxx> José Roberto de Souza <jose.souza@xxxxxxxxx> Kai Vehmanen <kai.vehmanen@xxxxxxxxxxxxxxx> Kan Liang <kan.liang@xxxxxxxxxxxxxxx> Kees Cook <keescook@xxxxxxxxxxxx> Konrad Dybcio <konrad.dybcio@xxxxxxxxxx> Krzysztof Kozlowski <krzysztof.kozlowski@xxxxxxxxxx> Kuninori Morimoto <kuninori.morimoto.gx@xxxxxxxxxxx> Kunwu Chan <chentao@xxxxxxxxxx> Le Ma <le.ma@xxxxxxx> Leo Yan <leo.yan@xxxxxxxxxx> Lijo Lazar <lijo.lazar@xxxxxxx> Likhitha Korrapati <likhitha@xxxxxxxxxxxxx> Likun Gao <Likun.Gao@xxxxxxx> Linus Torvalds <torvalds@xxxxxxxxxxxxxxxxxxxx> Luca Weiss <luca.weiss@xxxxxxxxxxxxx> Lucas De Marchi <lucas.demarchi@xxxxxxxxx> Ma Jun <Jun.Ma2@xxxxxxx> Marc Zyngier <maz@xxxxxxxxxx> Marco Elver <elver@xxxxxxxxxx> Marek Vasut <marex@xxxxxxx> Mark Brown <broonie@xxxxxxxxxx> Mark Rutland <mark.rutland@xxxxxxx> Martin Leung <martin.leung@xxxxxxx> Martin Tsai <martin.tsai@xxxxxxx> Masami Hiramatsu (Google) <mhiramat@xxxxxxxxxx> Matthew Brost <matthew.brost@xxxxxxxxx> Meenakshikumar Somasundaram <meenakshikumar.somasundaram@xxxxxxx> Melissa Wen <mwen@xxxxxxxxxx> Michal Simek <michal.simek@xxxxxxx> Miguel Ojeda <ojeda@xxxxxxxxxx> Namhyung Kim <namhyung@xxxxxxxxxx> Nathan Chancellor <nathan@xxxxxxxxxx> Nicholas Kazlauskas <nicholas.kazlauskas@xxxxxxx> Nick Desaulniers <ndesaulniers@xxxxxxxxxx> Nick Forrington <nick.forrington@xxxxxxx> Nicolas Ferre <nicolas.ferre@xxxxxxxxxxxxx> Nícolas F. R. A. Prado <nfraprado@xxxxxxxxxxxxx> Ori Messinger <Ori.Messinger@xxxxxxx> Ovidiu Bunea <ovidiu.bunea@xxxxxxx> Palmer Dabbelt <palmer@xxxxxxxxxxxx> Paran Lee <p4ranlee@xxxxxxxxx> Paul E. McKenney <paulmck@xxxxxxxxxx> Peichen Huang <peichen.huang@xxxxxxx> Peter Ujfalusi <peter.ujfalusi@xxxxxxxxxxxxxxx> Philip Yang <Philip.Yang@xxxxxxx> Rander Wang <rander.wang@xxxxxxxxx> Ravi Bangoria <ravi.bangoria@xxxxxxx> Rob Herring <robh@xxxxxxxxxx> Robin Murphy <robin.murphy@xxxxxxx> Rodrigo Siqueira <rodrigo.siqueira@xxxxxxx> Rodrigo Vivi <rodrigo.vivi@xxxxxxxxx> Ruidong Tian <tianruidong@xxxxxxxxxxxxxxxxx> Sandipan Das <sandipan.das@xxxxxxx> Sebastian Reichel <sebastian.reichel@xxxxxxxxxxxxx> Shenghao Ding <shenghao-ding@xxxxxx> Song Liu <song@xxxxxxxxxx> Srinivasan Shanmugam <srinivasan.shanmugam@xxxxxxx> Stephen Rothwell <sfr@xxxxxxxxxxxxxxxx> Su Hui <suhui@xxxxxxxxxxxx> Sumanth Korikkar <sumanthk@xxxxxxxxxxxxx> Takashi Iwai <tiwai@xxxxxxx> Thomas Hellström <thomas.hellstrom@xxxxxxxxxxxxxxx> Thomas Richter <tmricht@xxxxxxxxxxxxx> Tiezhu Yang <yangtiezhu@xxxxxxxxxxx> Tudor Ambarus <tudor.ambarus@xxxxxxxxxx> Uwe Kleine-König <u.kleine-koenig@xxxxxxxxxxxxxx> Veronika Molnarova <vmolnaro@xxxxxxxxxx> Victor Lu <victorchengchi.lu@xxxxxxx> Vinay Belgaumkar <vinay.belgaumkar@xxxxxxxxx> WANG Rui <wangrui@xxxxxxxxxxx> WANG Xuerui <git@xxxxxxxxxx> Wayne Lin <Wayne.Lin@xxxxxxx> Will Deacon <will@xxxxxxxxxx> Xi Ruoyao <xry111@xxxxxxxxxxx> Yang Jihong <yangjihong1@xxxxxxxxxx> Yicong Yang <yangyicong@xxxxxxxxxxxxx> Yifan Zhang <yifan1.zhang@xxxxxxx> Yo-Jung Lin <leo.lin@xxxxxxxxxxxxx> Youling Tang <tangyouling@xxxxxxxxxx> zhaimingbing <zhaimingbing@xxxxxxxxxxxxxxxxxxxx> zhujun2 <zhujun2@xxxxxxxxxxxxxxxxxxxx> Çağhan Demir <caghandemir@xxxxxxxxxxxx> jobs: build-amd64-xsm pass build-arm64-xsm pass build-i386-xsm pass build-amd64 pass build-arm64 pass build-armhf pass build-i386 pass build-amd64-libvirt pass build-arm64-libvirt pass build-armhf-libvirt pass build-i386-libvirt pass build-amd64-pvops pass build-arm64-pvops pass build-armhf-pvops pass build-i386-pvops pass test-amd64-amd64-xl pass test-amd64-coresched-amd64-xl pass test-arm64-arm64-xl pass test-armhf-armhf-xl pass test-amd64-amd64-libvirt-qemuu-debianhvm-amd64-xsm pass test-amd64-amd64-xl-qemut-stubdom-debianhvm-amd64-xsm pass test-amd64-amd64-xl-qemut-debianhvm-i386-xsm pass test-amd64-amd64-xl-qemuu-debianhvm-i386-xsm pass test-amd64-amd64-libvirt-xsm pass test-arm64-arm64-libvirt-xsm pass test-amd64-amd64-xl-xsm pass test-arm64-arm64-xl-xsm pass test-amd64-amd64-qemuu-nested-amd fail test-amd64-amd64-xl-pvhv2-amd pass test-amd64-amd64-dom0pvh-xl-amd pass test-amd64-amd64-xl-qemut-debianhvm-amd64 pass test-amd64-amd64-xl-qemuu-debianhvm-amd64 pass test-amd64-amd64-freebsd11-amd64 pass test-amd64-amd64-freebsd12-amd64 pass test-amd64-amd64-xl-qemuu-ovmf-amd64 pass test-amd64-amd64-xl-qemut-win7-amd64 fail test-amd64-amd64-xl-qemuu-win7-amd64 fail test-amd64-amd64-xl-qemut-ws16-amd64 fail test-amd64-amd64-xl-qemuu-ws16-amd64 fail test-armhf-armhf-xl-arndale pass test-amd64-amd64-examine-bios pass test-amd64-amd64-xl-credit1 pass test-arm64-arm64-xl-credit1 pass test-armhf-armhf-xl-credit1 pass test-amd64-amd64-xl-credit2 pass test-arm64-arm64-xl-credit2 pass test-armhf-armhf-xl-credit2 pass test-amd64-amd64-xl-qemuu-dmrestrict-amd64-dmrestrict pass test-amd64-amd64-examine pass test-arm64-arm64-examine pass test-armhf-armhf-examine pass test-amd64-amd64-qemuu-nested-intel pass test-amd64-amd64-xl-pvhv2-intel pass test-amd64-amd64-dom0pvh-xl-intel pass test-amd64-amd64-libvirt pass test-armhf-armhf-libvirt fail test-amd64-amd64-xl-multivcpu fail test-armhf-armhf-xl-multivcpu pass test-amd64-amd64-pair pass test-amd64-amd64-libvirt-pair pass test-amd64-amd64-xl-pvshim pass test-amd64-amd64-pygrub pass test-amd64-amd64-libvirt-qcow2 pass test-armhf-armhf-libvirt-qcow2 pass test-amd64-amd64-libvirt-raw pass test-arm64-arm64-libvirt-raw pass test-armhf-armhf-libvirt-raw pass test-amd64-amd64-xl-rtds pass test-armhf-armhf-xl-rtds pass test-amd64-amd64-xl-qemuu-debianhvm-amd64-shadow pass test-amd64-amd64-xl-shadow pass test-arm64-arm64-xl-thunderx pass test-amd64-amd64-examine-uefi pass test-amd64-amd64-xl-vhd pass test-arm64-arm64-xl-vhd pass test-armhf-armhf-xl-vhd pass ------------------------------------------------------------ sg-report-flight on osstest.test-lab.xenproject.org logs: /home/logs/logs images: /home/logs/images Logs, config files, etc. are available at http://logs.test-lab.xenproject.org/osstest/logs Explanation of these reports, and of osstest in general, is at http://xenbits.xen.org/gitweb/?p=osstest.git;a=blob;f=README.email;hb=master http://xenbits.xen.org/gitweb/?p=osstest.git;a=blob;f=README;hb=master Test harness code can be found at http://xenbits.xen.org/gitweb?p=osstest.git;a=summary Pushing revision : hint: The 'hooks/update' hook was ignored because it's not set as executable. hint: You can disable this warning with `git config advice.ignoredHook false`. hint: The 'hooks/post-receive' hook was ignored because it's not set as executable. hint: You can disable this warning with `git config advice.ignoredHook false`. hint: The 'hooks/post-update' hook was ignored because it's not set as executable. hint: You can disable this warning with `git config advice.ignoredHook false`. To xenbits.xen.org:/home/xen/git/linux-pvops.git 556e2d17cae6..9d64bf433c53 9d64bf433c53cab2f48a3fff7a1f2a696bc5229a -> tested/linux-linus
|
![]() |
Lists.xenproject.org is hosted with RackSpace, monitoring our |