[Date Prev][Date Next][Thread Prev][Thread Next][Date Index][Thread Index] [linux-linus test] 184256: tolerable FAIL - PUSHED
flight 184256 linux-linus real [real] http://logs.test-lab.xenproject.org/osstest/logs/184256/ Failures :-/ but no regressions. Tests which did not succeed, but are not blocking: test-amd64-amd64-xl-qemut-win7-amd64 19 guest-stop fail like 184252 test-amd64-amd64-xl-qemuu-win7-amd64 19 guest-stop fail like 184252 test-amd64-amd64-xl-qemuu-ws16-amd64 19 guest-stop fail like 184252 test-armhf-armhf-libvirt-raw 15 saverestore-support-check fail like 184252 test-armhf-armhf-libvirt 16 saverestore-support-check fail like 184252 test-amd64-amd64-xl-qemut-ws16-amd64 19 guest-stop fail like 184252 test-armhf-armhf-libvirt-qcow2 15 saverestore-support-check fail like 184252 test-amd64-amd64-qemuu-nested-amd 20 debian-hvm-install/l1/l2 fail like 184252 test-amd64-amd64-libvirt 15 migrate-support-check fail never pass test-amd64-amd64-libvirt-xsm 15 migrate-support-check fail never pass test-arm64-arm64-xl 15 migrate-support-check fail never pass test-arm64-arm64-xl 16 saverestore-support-check fail never pass test-arm64-arm64-xl-credit1 15 migrate-support-check fail never pass test-arm64-arm64-xl-thunderx 15 migrate-support-check fail never pass test-arm64-arm64-xl-credit1 16 saverestore-support-check fail never pass test-arm64-arm64-xl-thunderx 16 saverestore-support-check fail never pass test-arm64-arm64-xl-xsm 15 migrate-support-check fail never pass test-arm64-arm64-xl-credit2 15 migrate-support-check fail never pass test-arm64-arm64-xl-xsm 16 saverestore-support-check fail never pass test-arm64-arm64-xl-credit2 16 saverestore-support-check fail never pass test-arm64-arm64-libvirt-xsm 15 migrate-support-check fail never pass test-arm64-arm64-libvirt-xsm 16 saverestore-support-check fail never pass test-armhf-armhf-xl-multivcpu 15 migrate-support-check fail never pass test-armhf-armhf-xl-multivcpu 16 saverestore-support-check fail never pass test-amd64-amd64-libvirt-qcow2 14 migrate-support-check fail never pass test-amd64-amd64-libvirt-qemuu-debianhvm-amd64-xsm 13 migrate-support-check fail never pass test-armhf-armhf-xl-credit1 15 migrate-support-check fail never pass test-armhf-armhf-xl-credit1 16 saverestore-support-check fail never pass test-armhf-armhf-xl-arndale 15 migrate-support-check fail never pass test-armhf-armhf-xl-arndale 16 saverestore-support-check fail never pass test-armhf-armhf-xl-rtds 15 migrate-support-check fail never pass test-armhf-armhf-xl-rtds 16 saverestore-support-check fail never pass test-amd64-amd64-libvirt-raw 14 migrate-support-check fail never pass test-arm64-arm64-libvirt-raw 14 migrate-support-check fail never pass test-arm64-arm64-libvirt-raw 15 saverestore-support-check fail never pass test-arm64-arm64-xl-vhd 14 migrate-support-check fail never pass test-arm64-arm64-xl-vhd 15 saverestore-support-check fail never pass test-armhf-armhf-libvirt-raw 14 migrate-support-check fail never pass test-armhf-armhf-xl-vhd 14 migrate-support-check fail never pass test-armhf-armhf-xl-vhd 15 saverestore-support-check fail never pass test-armhf-armhf-libvirt 15 migrate-support-check fail never pass test-armhf-armhf-xl 15 migrate-support-check fail never pass test-armhf-armhf-xl 16 saverestore-support-check fail never pass test-armhf-armhf-xl-credit2 15 migrate-support-check fail never pass test-armhf-armhf-xl-credit2 16 saverestore-support-check fail never pass test-armhf-armhf-libvirt-qcow2 14 migrate-support-check fail never pass version targeted for testing: linux 1f874787ed9a2d78ed59cb21d0d90ac0178eceb0 baseline version: linux 5eff55d725a4e0dc6fc7709c4b1ca4fe40588d07 Last test of basis 184252 2024-01-04 19:43:56 Z 0 days Testing same since 184256 2024-01-05 04:22:32 Z 0 days 1 attempts ------------------------------------------------------------ People who touched revisions under test: Aaron Conole <aconole@xxxxxxxxxx> Adrian Cinal <adriancinal1@xxxxxxxxx> Adrian Cinal <adriancinal@xxxxxxxxx> Aleksandr Loktionov <aleksandr.loktionov@xxxxxxxxx> Alex Henrie <alexhenrie24@xxxxxxxxx> Alexander Lobakin <aleksander.lobakin@xxxxxxxxx> Andrii Staikov <andrii.staikov@xxxxxxxxx> Arkadiusz Kubalewski <arkadiusz.kubalewski@xxxxxxxxx> Bagas Sanjaya <bagasdotme@xxxxxxxxx> Benjamin Berg <benjamin.berg@xxxxxxxxx> Benjamin Poirier <benjamin.poirier@xxxxxxxxx> Bharathi Sreenivas <bharathi.sreenivas@xxxxxxxxx> Brad Cowie <brad@xxxxxxxxx> Chen Ni <nichen@xxxxxxxxxxx> Claudiu Beznea <claudiu.beznea.uj@xxxxxxxxxxxxxx> David S. Miller <davem@xxxxxxxxxxxxx> David Thompson <davthompson@xxxxxxxxxx> Ding Hui <dinghui@xxxxxxxxxxxxxx> Dinghao Liu <dinghao.liu@xxxxxxxxxx> Dmitry Safonov <dima@xxxxxxxxxx> Doug Berger <opendmb@xxxxxxxxx> Florian Fainelli <florian.fainelli@xxxxxxxxxxxx> Geliang Tang <geliang.tang@xxxxxxxxx> Hangbin Liu <liuhangbin@xxxxxxxxx> Hangyu Hua <hbh25y@xxxxxxxxx> Jakub Kicinski <kuba@xxxxxxxxxx> Jamal Hadi Salim <jhs@xxxxxxxxxxxx> Johannes Berg <johannes.berg@xxxxxxxxx> Jörn-Thorben Hinz <jthinz@xxxxxxxxxxxxxxxxxxxx> Kai-Heng Feng <kai.heng.feng@xxxxxxxxxxxxx> Kalle Valo <kvalo@xxxxxxxxxx> Karen Ostrowska <karen.ostrowska@xxxxxxxxx> Katarzyna Wieczerzycka <katarzyna.wieczerzycka@xxxxxxxxx> Ke Xiao <xiaoke@xxxxxxxxxxxxxx> Kurt Kanzenbach <kurt@xxxxxxxxxxxxx> Linus Torvalds <torvalds@xxxxxxxxxxxxxxxxxxxx> Lukas Bulwahn <lukas.bulwahn@xxxxxxxxx> Marc Dionne <marc.dionne@xxxxxxxxxxxx> Marcin Wojtas <marcin.s.wojtas@xxxxxxxxx> Mat Martineau <martineau@xxxxxxxxxx> Mateusz Palczewski <mateusz.palczewski@xxxxxxxxx> Matthieu Baerts <matttbe@xxxxxxxxxx> Michael Chan <michael.chan@xxxxxxxxxxxx> Michael S. Tsirkin <mst@xxxxxxxxxx> Miri Korenblit <miriam.rachel.korenblit@xxxxxxxxx> Naama Meir <naamax.meir@xxxxxxxxxxxxxxx> Naveen Mamindlapalli <naveenm@xxxxxxxxxxx> Ngai-Mint Kwan <ngai-mint.kwan@xxxxxxxxx> Nithin Kumar Dabilpuram <ndabilpuram@xxxxxxxxxxx> Noah Goldstein <goldstein.w.n@xxxxxxxxx> Pablo Neira Ayuso <pablo@xxxxxxxxxxxxx> Paolo Abeni <pabeni@xxxxxxxxxx> Paul Greenwalt <paul.greenwalt@xxxxxxxxx> Pavan Kumar Linga <pavan.kumar.linga@xxxxxxxxx> Pucha Himasekhar Reddy <himasekharx.reddy.pucha@xxxxxxxxx> (A Contingent worker at Intel) Radu Pirea (NXP OSS) <radu-nicolae.pirea@xxxxxxxxxxx> Rafal Romanowski <rafal.romanowski@xxxxxxxxx> Randy Dunlap <rdunlap@xxxxxxxxxxxxx> Rodrigo Cataldo <rodrigo.cadore@xxxxxxxxxxxxxxx> Sagi Maimon <maimon.sagi@xxxxxxxxx> Sarannya S <quic_sarannya@xxxxxxxxxxx> Sarannya Sasikumar <quic_sarannya@xxxxxxxxxxx> Scott Register <scott.register@xxxxxxxxx> Siddh Raman Pant <code@xxxxxxxx> Sudheer Mogilappagari <sudheer.mogilappagari@xxxxxxxxx> Suman Ghosh <sumang@xxxxxxxxxxx> Sunil Kovvuri Goutham <sgoutham@xxxxxxxxxxx> Thomas Lange <thomas@xxxxxxxxxxxx> Tony Nguyen <anthony.l.nguyen@xxxxxxxxx> Vinicius Costa Gomes <vinicius.gomes@xxxxxxxxx> wangkeqi <wangkeqiwang@xxxxxxxxxxxxxx> Wen Gu <guwen@xxxxxxxxxxxxxxxxx> Wojciech Drewek <wojciech.drewek@xxxxxxxxx> Xin Long <lucien.xin@xxxxxxxxx> Xuan Zhuo <xuanzhuo@xxxxxxxxxxxxxxxxx> Zhipeng Lu <alexious@xxxxxxxxxx> jobs: build-amd64-xsm pass build-arm64-xsm pass build-i386-xsm pass build-amd64 pass build-arm64 pass build-armhf pass build-i386 pass build-amd64-libvirt pass build-arm64-libvirt pass build-armhf-libvirt pass build-i386-libvirt pass build-amd64-pvops pass build-arm64-pvops pass build-armhf-pvops pass build-i386-pvops pass test-amd64-amd64-xl pass test-amd64-coresched-amd64-xl pass test-arm64-arm64-xl pass test-armhf-armhf-xl pass test-amd64-amd64-libvirt-qemuu-debianhvm-amd64-xsm pass test-amd64-amd64-xl-qemut-stubdom-debianhvm-amd64-xsm pass test-amd64-amd64-xl-qemut-debianhvm-i386-xsm pass test-amd64-amd64-xl-qemuu-debianhvm-i386-xsm pass test-amd64-amd64-libvirt-xsm pass test-arm64-arm64-libvirt-xsm pass test-amd64-amd64-xl-xsm pass test-arm64-arm64-xl-xsm pass test-amd64-amd64-qemuu-nested-amd fail test-amd64-amd64-xl-pvhv2-amd pass test-amd64-amd64-dom0pvh-xl-amd pass test-amd64-amd64-xl-qemut-debianhvm-amd64 pass test-amd64-amd64-xl-qemuu-debianhvm-amd64 pass test-amd64-amd64-freebsd11-amd64 pass test-amd64-amd64-freebsd12-amd64 pass test-amd64-amd64-xl-qemuu-ovmf-amd64 pass test-amd64-amd64-xl-qemut-win7-amd64 fail test-amd64-amd64-xl-qemuu-win7-amd64 fail test-amd64-amd64-xl-qemut-ws16-amd64 fail test-amd64-amd64-xl-qemuu-ws16-amd64 fail test-armhf-armhf-xl-arndale pass test-amd64-amd64-examine-bios pass test-amd64-amd64-xl-credit1 pass test-arm64-arm64-xl-credit1 pass test-armhf-armhf-xl-credit1 pass test-amd64-amd64-xl-credit2 pass test-arm64-arm64-xl-credit2 pass test-armhf-armhf-xl-credit2 pass test-amd64-amd64-xl-qemuu-dmrestrict-amd64-dmrestrict pass test-amd64-amd64-examine pass test-arm64-arm64-examine pass test-armhf-armhf-examine pass test-amd64-amd64-qemuu-nested-intel pass test-amd64-amd64-xl-pvhv2-intel pass test-amd64-amd64-dom0pvh-xl-intel pass test-amd64-amd64-libvirt pass test-armhf-armhf-libvirt pass test-amd64-amd64-xl-multivcpu pass test-armhf-armhf-xl-multivcpu pass test-amd64-amd64-pair pass test-amd64-amd64-libvirt-pair pass test-amd64-amd64-xl-pvshim pass test-amd64-amd64-pygrub pass test-amd64-amd64-libvirt-qcow2 pass test-armhf-armhf-libvirt-qcow2 pass test-amd64-amd64-libvirt-raw pass test-arm64-arm64-libvirt-raw pass test-armhf-armhf-libvirt-raw pass test-amd64-amd64-xl-rtds pass test-armhf-armhf-xl-rtds pass test-amd64-amd64-xl-qemuu-debianhvm-amd64-shadow pass test-amd64-amd64-xl-shadow pass test-arm64-arm64-xl-thunderx pass test-amd64-amd64-examine-uefi pass test-amd64-amd64-xl-vhd pass test-arm64-arm64-xl-vhd pass test-armhf-armhf-xl-vhd pass ------------------------------------------------------------ sg-report-flight on osstest.test-lab.xenproject.org logs: /home/logs/logs images: /home/logs/images Logs, config files, etc. are available at http://logs.test-lab.xenproject.org/osstest/logs Explanation of these reports, and of osstest in general, is at http://xenbits.xen.org/gitweb/?p=osstest.git;a=blob;f=README.email;hb=master http://xenbits.xen.org/gitweb/?p=osstest.git;a=blob;f=README;hb=master Test harness code can be found at http://xenbits.xen.org/gitweb?p=osstest.git;a=summary Pushing revision : hint: The 'hooks/update' hook was ignored because it's not set as executable. hint: You can disable this warning with `git config advice.ignoredHook false`. hint: The 'hooks/post-receive' hook was ignored because it's not set as executable. hint: You can disable this warning with `git config advice.ignoredHook false`. hint: The 'hooks/post-update' hook was ignored because it's not set as executable. hint: You can disable this warning with `git config advice.ignoredHook false`. To xenbits.xen.org:/home/xen/git/linux-pvops.git 5eff55d725a4..1f874787ed9a 1f874787ed9a2d78ed59cb21d0d90ac0178eceb0 -> tested/linux-linus
|
![]() |
Lists.xenproject.org is hosted with RackSpace, monitoring our |