[Date Prev][Date Next][Thread Prev][Thread Next][Date Index][Thread Index] [linux-linus test] 184218: tolerable FAIL - PUSHED
flight 184218 linux-linus real [real] http://logs.test-lab.xenproject.org/osstest/logs/184218/ Failures :-/ but no regressions. Tests which did not succeed, but are not blocking: test-amd64-amd64-xl-qemut-win7-amd64 19 guest-stop fail like 184216 test-amd64-amd64-xl-qemuu-win7-amd64 19 guest-stop fail like 184216 test-amd64-amd64-xl-qemuu-ws16-amd64 19 guest-stop fail like 184216 test-armhf-armhf-libvirt-qcow2 15 saverestore-support-check fail like 184216 test-armhf-armhf-libvirt 16 saverestore-support-check fail like 184216 test-amd64-amd64-xl-qemut-ws16-amd64 19 guest-stop fail like 184216 test-armhf-armhf-libvirt-raw 15 saverestore-support-check fail like 184216 test-amd64-amd64-qemuu-nested-amd 20 debian-hvm-install/l1/l2 fail like 184216 test-amd64-amd64-libvirt 15 migrate-support-check fail never pass test-amd64-amd64-libvirt-xsm 15 migrate-support-check fail never pass test-arm64-arm64-xl-credit2 15 migrate-support-check fail never pass test-arm64-arm64-xl-credit2 16 saverestore-support-check fail never pass test-arm64-arm64-libvirt-xsm 15 migrate-support-check fail never pass test-arm64-arm64-xl-thunderx 15 migrate-support-check fail never pass test-arm64-arm64-libvirt-xsm 16 saverestore-support-check fail never pass test-arm64-arm64-xl-thunderx 16 saverestore-support-check fail never pass test-arm64-arm64-xl 15 migrate-support-check fail never pass test-arm64-arm64-xl 16 saverestore-support-check fail never pass test-armhf-armhf-xl-rtds 15 migrate-support-check fail never pass test-armhf-armhf-xl-rtds 16 saverestore-support-check fail never pass test-armhf-armhf-xl-arndale 15 migrate-support-check fail never pass test-armhf-armhf-xl-arndale 16 saverestore-support-check fail never pass test-armhf-armhf-xl-credit1 15 migrate-support-check fail never pass test-armhf-armhf-xl-credit1 16 saverestore-support-check fail never pass test-arm64-arm64-xl-credit1 15 migrate-support-check fail never pass test-arm64-arm64-xl-credit1 16 saverestore-support-check fail never pass test-arm64-arm64-xl-xsm 15 migrate-support-check fail never pass test-arm64-arm64-xl-xsm 16 saverestore-support-check fail never pass test-amd64-amd64-libvirt-qcow2 14 migrate-support-check fail never pass test-armhf-armhf-xl 15 migrate-support-check fail never pass test-armhf-armhf-xl 16 saverestore-support-check fail never pass test-amd64-amd64-libvirt-raw 14 migrate-support-check fail never pass test-arm64-arm64-libvirt-raw 14 migrate-support-check fail never pass test-arm64-arm64-libvirt-raw 15 saverestore-support-check fail never pass test-arm64-arm64-xl-vhd 14 migrate-support-check fail never pass test-arm64-arm64-xl-vhd 15 saverestore-support-check fail never pass test-armhf-armhf-libvirt-qcow2 14 migrate-support-check fail never pass test-amd64-amd64-libvirt-qemuu-debianhvm-amd64-xsm 13 migrate-support-check fail never pass test-armhf-armhf-xl-vhd 14 migrate-support-check fail never pass test-armhf-armhf-xl-vhd 15 saverestore-support-check fail never pass test-armhf-armhf-xl-multivcpu 15 migrate-support-check fail never pass test-armhf-armhf-xl-multivcpu 16 saverestore-support-check fail never pass test-armhf-armhf-libvirt 15 migrate-support-check fail never pass test-armhf-armhf-xl-credit2 15 migrate-support-check fail never pass test-armhf-armhf-xl-credit2 16 saverestore-support-check fail never pass test-armhf-armhf-libvirt-raw 14 migrate-support-check fail never pass version targeted for testing: linux 3f82f1c3a03694800a4104ca6b6d3282bd4e213d baseline version: linux 5254c0cbc92d2a08e75443bdb914f1c4839cdf5a Last test of basis 184216 2023-12-23 07:35:31 Z 0 days Testing same since 184218 2023-12-23 20:42:04 Z 0 days 1 attempts ------------------------------------------------------------ People who touched revisions under test: Alan Stern <stern@xxxxxxxxxxxxxxxxxxx> Alexander Atanasov <alexander.atanasov@xxxxxxxxxxxxx> Alper Ak <alperyasinak1@xxxxxxxxx> Arınç ÜNAL <arinc.unal@xxxxxxxxxx> Bjorn Andersson <quic_bjorande@xxxxxxxxxxx> Borislav Petkov (AMD) <bp@xxxxxxxxx> Can Guo <quic_cang@xxxxxxxxxxx> ChanWoo Lee <cw9316.lee@xxxxxxxxxxx> Chris Lindee <chris.lindee@xxxxxxxxx> Christoffer Sandberg <cs@xxxxxxxxx> Conor Dooley <conor.dooley@xxxxxxxxxxxxx> Dan Carpenter <dan.carpenter@xxxxxxxxxx> Dan Williams <dan.j.williams@xxxxxxxxx> David Lechner <dlechner@xxxxxxxxxxxx> Dmitry Torokhov <dmitry.torokhov@xxxxxxxxx> Esther Shimanovich <eshimanovich@xxxxxxxxxxxx> Fabio Estevam <festevam@xxxxxxx> George Stark <gnstark@xxxxxxxxxxxxxxxxx> Georgi Djakov <djakov@xxxxxxxxxx> Gil Fine <gil.fine@xxxxxxxxxxxxxxx> Greg Kroah-Hartman <gregkh@xxxxxxxxxxxxxxxxxxx> Haibo Chen <haibo.chen@xxxxxxx> Hans de Goede <hdegoede@xxxxxxxxxx> Haoran Liu <liuhaoran14@xxxxxxx> Jagath Jog J <jagathjog1996@xxxxxxxxx> Javier Carrasco <javier.carrasco.cruz@xxxxxxxxx> Javier Carrasco <javier.carrasco@xxxxxxxxxxxxxx> Johan Hovold <johan+linaro@xxxxxxxxxx> Johan Hovold <johan@xxxxxxxxxx> Johannes Berg <johannes.berg@xxxxxxxxx> Jonathan Cameron <Jonathan.Cameron@xxxxxxxxxx> Jose Ignacio Tornos Martinez <jtornosm@xxxxxxxxxx> José Pekkarinen <jose.pekkarinen@xxxxxxxxxxx> Konrad Dybcio <konrad.dybcio@xxxxxxxxxx> Linus Torvalds <torvalds@xxxxxxxxxxxxxxxxxxxx> Luca Weiss <luca@xxxxxxxxx> Marius Cristea <marius.cristea@xxxxxxxxxxxxx> Mark Glover <mark.glover@xxxxxxxxxxxxx> Martin K. Petersen <martin.petersen@xxxxxxxxxx> Matti Vaittinen <mazziesaccount@xxxxxxxxx> Mika Westerberg <mika.westerberg@xxxxxxxxxxxxxxx> Mike Tipton <quic_mdtipton@xxxxxxxxxxx> Nuno Sa <nuno.sa@xxxxxxxxxx> Peter Zijlstra (Intel) <peterz@xxxxxxxxxxxxx> Rafał Miłecki <rafal@xxxxxxxxxx> Reinhard Speyerer <rspmn@xxxxxxxx> Slark Xiao <slark_xiao@xxxxxxx> Srinivas Kandagatla <srinivas.kandagatla@xxxxxxxxxx> Srinivas Pandruvada <srinivas.pandruvada@xxxxxxxxxxxxxxx> Su Hui <suhui@xxxxxxxxxxxx> Tasos Sahanidis <tasos@xxxxxxxxxxxx> Thomas Gleixner <tglx@xxxxxxxxxxxxx> Uwe Kleine-König <u.kleine-koenig@xxxxxxxxxxxxxx> Wadim Egorov <w.egorov@xxxxxxxxx> Wei Yongjun <weiyongjun1@xxxxxxxxxx> Werner Sembach <wse@xxxxxxxxxxxxxxxxxxx> Yaxiong Tian <tianyaxiong@xxxxxxxxxx> jobs: build-amd64-xsm pass build-arm64-xsm pass build-i386-xsm pass build-amd64 pass build-arm64 pass build-armhf pass build-i386 pass build-amd64-libvirt pass build-arm64-libvirt pass build-armhf-libvirt pass build-i386-libvirt pass build-amd64-pvops pass build-arm64-pvops pass build-armhf-pvops pass build-i386-pvops pass test-amd64-amd64-xl pass test-amd64-coresched-amd64-xl pass test-arm64-arm64-xl pass test-armhf-armhf-xl pass test-amd64-amd64-libvirt-qemuu-debianhvm-amd64-xsm pass test-amd64-amd64-xl-qemut-stubdom-debianhvm-amd64-xsm pass test-amd64-amd64-xl-qemut-debianhvm-i386-xsm pass test-amd64-amd64-xl-qemuu-debianhvm-i386-xsm pass test-amd64-amd64-libvirt-xsm pass test-arm64-arm64-libvirt-xsm pass test-amd64-amd64-xl-xsm pass test-arm64-arm64-xl-xsm pass test-amd64-amd64-qemuu-nested-amd fail test-amd64-amd64-xl-pvhv2-amd pass test-amd64-amd64-dom0pvh-xl-amd pass test-amd64-amd64-xl-qemut-debianhvm-amd64 pass test-amd64-amd64-xl-qemuu-debianhvm-amd64 pass test-amd64-amd64-freebsd11-amd64 pass test-amd64-amd64-freebsd12-amd64 pass test-amd64-amd64-xl-qemuu-ovmf-amd64 pass test-amd64-amd64-xl-qemut-win7-amd64 fail test-amd64-amd64-xl-qemuu-win7-amd64 fail test-amd64-amd64-xl-qemut-ws16-amd64 fail test-amd64-amd64-xl-qemuu-ws16-amd64 fail test-armhf-armhf-xl-arndale pass test-amd64-amd64-examine-bios pass test-amd64-amd64-xl-credit1 pass test-arm64-arm64-xl-credit1 pass test-armhf-armhf-xl-credit1 pass test-amd64-amd64-xl-credit2 pass test-arm64-arm64-xl-credit2 pass test-armhf-armhf-xl-credit2 pass test-amd64-amd64-xl-qemuu-dmrestrict-amd64-dmrestrict pass test-amd64-amd64-examine pass test-arm64-arm64-examine pass test-armhf-armhf-examine pass test-amd64-amd64-qemuu-nested-intel pass test-amd64-amd64-xl-pvhv2-intel pass test-amd64-amd64-dom0pvh-xl-intel pass test-amd64-amd64-libvirt pass test-armhf-armhf-libvirt pass test-amd64-amd64-xl-multivcpu pass test-armhf-armhf-xl-multivcpu pass test-amd64-amd64-pair pass test-amd64-amd64-libvirt-pair pass test-amd64-amd64-xl-pvshim pass test-amd64-amd64-pygrub pass test-amd64-amd64-libvirt-qcow2 pass test-armhf-armhf-libvirt-qcow2 pass test-amd64-amd64-libvirt-raw pass test-arm64-arm64-libvirt-raw pass test-armhf-armhf-libvirt-raw pass test-amd64-amd64-xl-rtds pass test-armhf-armhf-xl-rtds pass test-amd64-amd64-xl-qemuu-debianhvm-amd64-shadow pass test-amd64-amd64-xl-shadow pass test-arm64-arm64-xl-thunderx pass test-amd64-amd64-examine-uefi pass test-amd64-amd64-xl-vhd pass test-arm64-arm64-xl-vhd pass test-armhf-armhf-xl-vhd pass ------------------------------------------------------------ sg-report-flight on osstest.test-lab.xenproject.org logs: /home/logs/logs images: /home/logs/images Logs, config files, etc. are available at http://logs.test-lab.xenproject.org/osstest/logs Explanation of these reports, and of osstest in general, is at http://xenbits.xen.org/gitweb/?p=osstest.git;a=blob;f=README.email;hb=master http://xenbits.xen.org/gitweb/?p=osstest.git;a=blob;f=README;hb=master Test harness code can be found at http://xenbits.xen.org/gitweb?p=osstest.git;a=summary Pushing revision : hint: The 'hooks/update' hook was ignored because it's not set as executable. hint: You can disable this warning with `git config advice.ignoredHook false`. hint: The 'hooks/post-receive' hook was ignored because it's not set as executable. hint: You can disable this warning with `git config advice.ignoredHook false`. hint: The 'hooks/post-update' hook was ignored because it's not set as executable. hint: You can disable this warning with `git config advice.ignoredHook false`. To xenbits.xen.org:/home/xen/git/linux-pvops.git 5254c0cbc92d..3f82f1c3a036 3f82f1c3a03694800a4104ca6b6d3282bd4e213d -> tested/linux-linus
|
![]() |
Lists.xenproject.org is hosted with RackSpace, monitoring our |