[Date Prev][Date Next][Thread Prev][Thread Next][Date Index][Thread Index]
Re: [linux-5.4 test] 174642: regressions - FAIL
On 06.11.22 10:57, osstest service owner wrote:
flight 174642 linux-5.4 real [real]
http://logs.test-lab.xenproject.org/osstest/logs/174642/
Regressions :-(
Tests which did not succeed and are blocking,
including tests which could not be run:
build-arm64-pvops 6 kernel-build fail REGR. vs. 174540
How nice:
"gcc: internal compiler error: Segmentation fault signal terminated program cc1"
Juergen
test-armhf-armhf-xl-credit2 18 guest-start/debian.repeat fail in 174630 REGR.
vs. 174540
test-armhf-armhf-xl-multivcpu 18 guest-start/debian.repeat fail in 174638
REGR. vs. 174540
Tests which are failing intermittently (not blocking):
test-amd64-i386-xl-shadow 7 xen-install fail in 174608 pass in 174642
test-amd64-i386-xl-xsm 17 guest-saverestore fail in 174630 pass in 174642
test-armhf-armhf-xl-rtds 18 guest-start/debian.repeat fail in 174630 pass in
174642
test-amd64-i386-pair 11 xen-install/dst_host fail in 174638 pass in 174642
test-amd64-i386-libvirt-xsm 8 xen-boot fail in 174638 pass in 174642
test-armhf-armhf-xl-rtds 14 guest-start fail in 174638 pass in 174642
test-armhf-armhf-libvirt-raw 13 guest-start fail pass in 174608
test-amd64-i386-libvirt-qemuu-debianhvm-amd64-xsm 7 xen-install fail pass in
174630
test-armhf-armhf-xl-credit2 14 guest-start fail pass in 174630
test-amd64-i386-pair 10 xen-install/src_host fail pass in 174638
test-armhf-armhf-xl-multivcpu 14 guest-start fail pass in 174638
test-armhf-armhf-xl-credit1 18 guest-start/debian.repeat fail pass in 174638
test-armhf-armhf-libvirt-qcow2 13 guest-start fail pass in 174638
Tests which did not succeed, but are not blocking:
test-arm64-arm64-examine 1 build-check(1) blocked n/a
test-arm64-arm64-libvirt-raw 1 build-check(1) blocked n/a
test-arm64-arm64-libvirt-xsm 1 build-check(1) blocked n/a
test-arm64-arm64-xl 1 build-check(1) blocked n/a
test-arm64-arm64-xl-credit1 1 build-check(1) blocked n/a
test-arm64-arm64-xl-credit2 1 build-check(1) blocked n/a
test-arm64-arm64-xl-seattle 1 build-check(1) blocked n/a
test-arm64-arm64-xl-thunderx 1 build-check(1) blocked n/a
test-arm64-arm64-xl-vhd 1 build-check(1) blocked n/a
test-arm64-arm64-xl-xsm 1 build-check(1) blocked n/a
test-armhf-armhf-libvirt-raw 15 saverestore-support-check fail in 174608 like
174540
test-armhf-armhf-libvirt-raw 14 migrate-support-check fail in 174608 never
pass
test-armhf-armhf-libvirt-qcow2 15 saverestore-support-check fail in 174630
like 174540
test-arm64-arm64-xl-seattle 15 migrate-support-check fail in 174630 never pass
test-arm64-arm64-xl-seattle 16 saverestore-support-check fail in 174630 never
pass
test-arm64-arm64-xl 15 migrate-support-check fail in 174630 never pass
test-arm64-arm64-xl 16 saverestore-support-check fail in 174630 never pass
test-arm64-arm64-xl-xsm 15 migrate-support-check fail in 174630 never pass
test-arm64-arm64-xl-xsm 16 saverestore-support-check fail in 174630 never pass
test-arm64-arm64-libvirt-xsm 15 migrate-support-check fail in 174630 never
pass
test-arm64-arm64-libvirt-xsm 16 saverestore-support-check fail in 174630
never pass
test-arm64-arm64-xl-credit2 15 migrate-support-check fail in 174630 never pass
test-arm64-arm64-xl-credit2 16 saverestore-support-check fail in 174630 never
pass
test-arm64-arm64-xl-credit1 15 migrate-support-check fail in 174630 never pass
test-arm64-arm64-xl-credit1 16 saverestore-support-check fail in 174630 never
pass
test-arm64-arm64-xl-thunderx 15 migrate-support-check fail in 174630 never
pass
test-arm64-arm64-xl-thunderx 16 saverestore-support-check fail in 174630
never pass
test-armhf-armhf-xl-credit2 15 migrate-support-check fail in 174630 never pass
test-armhf-armhf-xl-credit2 16 saverestore-support-check fail in 174630 never
pass
test-amd64-i386-libvirt-qemuu-debianhvm-amd64-xsm 13 migrate-support-check
fail in 174630 never pass
test-arm64-arm64-libvirt-raw 14 migrate-support-check fail in 174630 never
pass
test-arm64-arm64-libvirt-raw 15 saverestore-support-check fail in 174630
never pass
test-arm64-arm64-xl-vhd 14 migrate-support-check fail in 174630 never pass
test-arm64-arm64-xl-vhd 15 saverestore-support-check fail in 174630 never pass
test-armhf-armhf-libvirt-qcow2 14 migrate-support-check fail in 174630 never
pass
test-armhf-armhf-xl-multivcpu 15 migrate-support-check fail in 174638 never
pass
test-armhf-armhf-xl-multivcpu 16 saverestore-support-check fail in 174638
never pass
test-amd64-amd64-xl-qemuu-win7-amd64 19 guest-stop fail like 174540
test-amd64-i386-xl-qemut-win7-amd64 19 guest-stop fail like 174540
test-amd64-i386-xl-qemuu-win7-amd64 19 guest-stop fail like 174540
test-amd64-amd64-xl-qemut-win7-amd64 19 guest-stop fail like 174540
test-amd64-amd64-qemuu-nested-amd 20 debian-hvm-install/l1/l2 fail like 174540
test-amd64-amd64-xl-qemuu-ws16-amd64 19 guest-stop fail like 174540
test-amd64-amd64-xl-qemut-ws16-amd64 19 guest-stop fail like 174540
test-amd64-i386-xl-qemut-ws16-amd64 19 guest-stop fail like 174540
test-armhf-armhf-libvirt 16 saverestore-support-check fail like 174540
test-amd64-i386-xl-qemuu-ws16-amd64 19 guest-stop fail like 174540
test-amd64-i386-xl-pvshim 14 guest-start fail never pass
test-amd64-amd64-libvirt 15 migrate-support-check fail never pass
test-amd64-amd64-libvirt-xsm 15 migrate-support-check fail never pass
test-amd64-i386-libvirt-xsm 15 migrate-support-check fail never pass
test-amd64-i386-libvirt 15 migrate-support-check fail never pass
test-amd64-amd64-libvirt-qemuu-debianhvm-amd64-xsm 13 migrate-support-check
fail never pass
test-amd64-i386-libvirt-raw 14 migrate-support-check fail never pass
test-armhf-armhf-xl-rtds 15 migrate-support-check fail never pass
test-armhf-armhf-xl-rtds 16 saverestore-support-check fail never pass
test-armhf-armhf-xl-cubietruck 15 migrate-support-check fail never pass
test-armhf-armhf-xl-cubietruck 16 saverestore-support-check fail never pass
test-armhf-armhf-xl 15 migrate-support-check fail never pass
test-armhf-armhf-xl 16 saverestore-support-check fail never pass
test-armhf-armhf-xl-credit1 15 migrate-support-check fail never pass
test-armhf-armhf-xl-credit1 16 saverestore-support-check fail never pass
test-amd64-amd64-libvirt-vhd 14 migrate-support-check fail never pass
test-armhf-armhf-libvirt 15 migrate-support-check fail never pass
test-armhf-armhf-xl-arndale 15 migrate-support-check fail never pass
test-armhf-armhf-xl-arndale 16 saverestore-support-check fail never pass
test-armhf-armhf-xl-vhd 14 migrate-support-check fail never pass
test-armhf-armhf-xl-vhd 15 saverestore-support-check fail never pass
version targeted for testing:
linux a0d9384967214783a92973c920092b7251c03e57
baseline version:
linux b70bfeb98635040588883503d2760e0f46231491
Last test of basis 174540 2022-10-29 12:41:57 Z 7 days
Failing since 174575 2022-11-01 18:42:39 Z 4 days 8 attempts
Testing same since 174608 2022-11-03 19:46:50 Z 2 days 5 attempts
------------------------------------------------------------
People who touched revisions under test:
"Darrick J. Wong" <darrick.wong@xxxxxxxxxx>
Aaron Conole <aconole@xxxxxxxxxx>
Abhinav Kumar <quic_abhinavk@xxxxxxxxxxx>
Adrian Hunter <adrian.hunter@xxxxxxxxx>
Alexander Aring <aahringo@xxxxxxxxxx>
Alexander Stein <alexander.stein@xxxxxxxxxxxxxxx>
Andrew Morton <akpm@xxxxxxxxxxxxxxxxxxxx>
Anssi Hannula <anssi.hannula@xxxxxxxxxx>
Arnaldo Carvalho de Melo <acme@xxxxxxxxxx>
Biju Das <biju.das.jz@xxxxxxxxxxxxxx>
Brian Foster <bfoster@xxxxxxxxxx>
Chandan Babu R <chandan.babu@xxxxxxxxxx>
Chen Zhongjin <chenzhongjin@xxxxxxxxxx>
Chen Zhou <chenzhou10@xxxxxxxxxx>
Chris Packham <chris.packham@xxxxxxxxxxxxxxxxxxx>
Christian A. Ehrhardt <lk@xxxxxxx>
Darrick J. Wong <darrick.wong@xxxxxxxxxx>
Darrick J. Wong <djwong@xxxxxxxxxx>
Dave Chinner <dchinner@xxxxxxxxxx>
David S. Miller <davem@xxxxxxxxxxxxx>
Demi Marie Obenour <demi@xxxxxxxxxxxxxxxxxxxxxx>
Dongliang Mu <dzm91@xxxxxxxxxxx>
Eric Dumazet <edumazet@xxxxxxxxxx>
Florian Fainelli <f.fainelli@xxxxxxxxx>
Greg Kroah-Hartman <gregkh@xxxxxxxxxxxxxxxxxxx>
Guenter Roeck <linux@xxxxxxxxxxxx>
Gurucharan <gurucharanx.g@xxxxxxxxx> (A Contingent worker at Intel)
Hannu Hartikainen <hannu@xxxxxxx>
Hans Verkuil <hverkuil-cisco@xxxxxxxxx>
Heiko Carstens <hca@xxxxxxxxxxxxx>
Helge Deller <deller@xxxxxx>
Hyong Youb Kim <hyonkim@xxxxxxxxx>
Hyunwoo Kim <imv4bel@xxxxxxxxx>
Ilya Maximets <i.maximets@xxxxxxx>
Jacob Keller <jacob.e.keller@xxxxxxxxx>
Jakub Kicinski <kuba@xxxxxxxxxx>
Jan Beulich <jbeulich@xxxxxxxx>
Jason A. Donenfeld <Jason@xxxxxxxxx>
Jeff Vanhoof <jdv1029@xxxxxxxxx>
Jens Glathe <jens.glathe@xxxxxxxxxxxxxxxxxxxxxx>
Jimmy Assarsson <extja@xxxxxxxxxx>
Johan Hovold <johan+linaro@xxxxxxxxxx>
Jon Hunter <jonathanh@xxxxxxxxxx>
Jon Maloy <jmaloy@xxxxxxxxxx>
Jonathan Cameron <Jonathan.Cameron@xxxxxxxxxx>
Josh Poimboeuf <jpoimboe@xxxxxxxxxx>
Juergen Gross <jgross@xxxxxxxx>
Justin Chen <justinpopo6@xxxxxxxxx>
Konrad Jankowski <konrad0.jankowski@xxxxxxxxx>
Kuogee Hsieh <quic_khsieh@xxxxxxxxxxx>
Leon Romanovsky <leonro@xxxxxxxxxx>
Linux Kernel Functional Testing <lkft@xxxxxxxxxx>
Luiz Capitulino <luizcap@xxxxxxxxxx>
M. Vefa Bicakci <m.v.b@xxxxxxxxxx>
Marc Kleine-Budde <mkl@xxxxxxxxxxxxxx>
Marek Marczykowski-Górecki <marmarek@xxxxxxxxxxxxxxxxxxxxxx>
Mario Limonciello <mario.limonciello@xxxxxxx>
Mateusz Palczewski <mateusz.palczewski@xxxxxxxxx>
Mathias Nyman <mathias.nyman@xxxxxxxxxxxxxxx>
Matthew Ma <mahongwei@xxxxxxxx>
Matti Vaittinen <mazziesaccount@xxxxxxxxx>
Mauro Carvalho Chehab <mchehab@xxxxxxxxxx>
Michal Jaron <michalx.jaron@xxxxxxxxx>
Mike Kravetz <mike.kravetz@xxxxxxxxxx>
Miquel Raynal <miquel.raynal@xxxxxxxxxxx>
Nathan Huckleberry <nhuck@xxxxxxxxxx>
Neal Cardwell <ncardwell@xxxxxxxxxx>
Nicolas Dichtel <nicolas.dichtel@xxxxxxxxx>
Oleksij Rempel <o.rempel@xxxxxxxxxxxxxx>
Paolo Abeni <pabeni@xxxxxxxxxx>
Peter Zijlstra <peterz@xxxxxxxxxxxxx>
Rafael J. Wysocki <rafael.j.wysocki@xxxxxxxxx>
Raju Rangoju <Raju.Rangoju@xxxxxxx>
Randy Dunlap <rdunlap@xxxxxxxxxxxxx>
Rik van Riel <riel@xxxxxxxxxxx>
Saeed Mahameed <saeedm@xxxxxxxxxx>
Sakari Ailus <sakari.ailus@xxxxxxxxxxxxxxx>
Sasha Levin <sashal@xxxxxxxxxx>
Shreeya Patel <shreeya.patel@xxxxxxxxxxxxx>
Slawomir Laba <slawomirx.laba@xxxxxxxxx>
Stefan Schmidt <stefan@xxxxxxxxxxxxxxxxxx>
Steven Rostedt (Google) <rostedt@xxxxxxxxxxx>
Sudeep Holla <sudeep.holla@xxxxxxx>
Sudip Mukherjee <sudip.mukherjee@xxxxxxxxxxxxxxx>
Sylwester Dziedziuch <sylwesterx.dziedziuch@xxxxxxxxx>
Takashi Iwai <tiwai@xxxxxxx>
Tariq Toukan <tariqt@xxxxxxxxxx>
Tejun Heo <tj@xxxxxxxxxx>
Thinh Nguyen <Thinh.Nguyen@xxxxxxxxxxxx>
Tom Lendacky <thomas.lendacky@xxxxxxx>
Tony O'Brien <tony.obrien@xxxxxxxxxxxxxxxxxxx>
Ulf Hansson <ulf.hansson@xxxxxxxxxx>
Vasily Gorbik <gor@xxxxxxxxxxxxx>
Vineet Gupta <vgupta@xxxxxxxxxx>
Vladimir Oltean <vladimir.oltean@xxxxxxx>
Wei Yongjun <weiyongjun1@xxxxxxxxxx>
Xin Long <lucien.xin@xxxxxxxxx>
Yang Yingliang <yangyingliang@xxxxxxxxxx>
Yongqin Liu <yongqin.liu@xxxxxxxxxx>
Zhang Changzhong <zhangchangzhong@xxxxxxxxxx>
Zhengchao Shao <shaozhengchao@xxxxxxxxxx>
jobs:
build-amd64-xsm pass
build-arm64-xsm pass
build-i386-xsm pass
build-amd64 pass
build-arm64 pass
build-armhf pass
build-i386 pass
build-amd64-libvirt pass
build-arm64-libvirt pass
build-armhf-libvirt pass
build-i386-libvirt pass
build-amd64-pvops pass
build-arm64-pvops fail
build-armhf-pvops pass
build-i386-pvops pass
test-amd64-amd64-xl pass
test-amd64-coresched-amd64-xl pass
test-arm64-arm64-xl blocked
test-armhf-armhf-xl pass
test-amd64-i386-xl pass
test-amd64-coresched-i386-xl pass
test-amd64-amd64-libvirt-qemuu-debianhvm-amd64-xsm pass
test-amd64-i386-libvirt-qemuu-debianhvm-amd64-xsm fail
test-amd64-amd64-xl-qemut-stubdom-debianhvm-amd64-xsm pass
test-amd64-i386-xl-qemut-stubdom-debianhvm-amd64-xsm pass
test-amd64-amd64-xl-qemut-debianhvm-i386-xsm pass
test-amd64-i386-xl-qemut-debianhvm-i386-xsm pass
test-amd64-amd64-xl-qemuu-debianhvm-i386-xsm pass
test-amd64-i386-xl-qemuu-debianhvm-i386-xsm pass
test-amd64-amd64-libvirt-xsm pass
test-arm64-arm64-libvirt-xsm blocked
test-amd64-i386-libvirt-xsm pass
test-amd64-amd64-xl-xsm pass
test-arm64-arm64-xl-xsm blocked
test-amd64-i386-xl-xsm pass
test-amd64-amd64-qemuu-nested-amd fail
test-amd64-amd64-xl-pvhv2-amd pass
test-amd64-i386-qemut-rhel6hvm-amd pass
test-amd64-i386-qemuu-rhel6hvm-amd pass
test-amd64-amd64-dom0pvh-xl-amd pass
test-amd64-amd64-xl-qemut-debianhvm-amd64 pass
test-amd64-i386-xl-qemut-debianhvm-amd64 pass
test-amd64-amd64-xl-qemuu-debianhvm-amd64 pass
test-amd64-i386-xl-qemuu-debianhvm-amd64 pass
test-amd64-i386-freebsd10-amd64 pass
test-amd64-amd64-qemuu-freebsd11-amd64 pass
test-amd64-amd64-qemuu-freebsd12-amd64 pass
test-amd64-amd64-xl-qemuu-ovmf-amd64 pass
test-amd64-i386-xl-qemuu-ovmf-amd64 pass
test-amd64-amd64-xl-qemut-win7-amd64 fail
test-amd64-i386-xl-qemut-win7-amd64 fail
test-amd64-amd64-xl-qemuu-win7-amd64 fail
test-amd64-i386-xl-qemuu-win7-amd64 fail
test-amd64-amd64-xl-qemut-ws16-amd64 fail
test-amd64-i386-xl-qemut-ws16-amd64 fail
test-amd64-amd64-xl-qemuu-ws16-amd64 fail
test-amd64-i386-xl-qemuu-ws16-amd64 fail
test-armhf-armhf-xl-arndale pass
test-amd64-amd64-examine-bios pass
test-amd64-i386-examine-bios pass
test-amd64-amd64-xl-credit1 pass
test-arm64-arm64-xl-credit1 blocked
test-armhf-armhf-xl-credit1 fail
test-amd64-amd64-xl-credit2 pass
test-arm64-arm64-xl-credit2 blocked
test-armhf-armhf-xl-credit2 fail
test-armhf-armhf-xl-cubietruck pass
test-amd64-amd64-xl-qemuu-dmrestrict-amd64-dmrestrict pass
test-amd64-i386-xl-qemuu-dmrestrict-amd64-dmrestrict pass
test-amd64-amd64-examine pass
test-arm64-arm64-examine blocked
test-armhf-armhf-examine pass
test-amd64-i386-examine pass
test-amd64-i386-freebsd10-i386 pass
test-amd64-amd64-qemuu-nested-intel pass
test-amd64-amd64-xl-pvhv2-intel pass
test-amd64-i386-qemut-rhel6hvm-intel pass
test-amd64-i386-qemuu-rhel6hvm-intel pass
test-amd64-amd64-dom0pvh-xl-intel pass
test-amd64-amd64-libvirt pass
test-armhf-armhf-libvirt pass
test-amd64-i386-libvirt pass
test-amd64-amd64-xl-multivcpu pass
test-armhf-armhf-xl-multivcpu fail
test-amd64-amd64-pair pass
test-amd64-i386-pair fail
test-amd64-amd64-libvirt-pair pass
test-amd64-i386-libvirt-pair pass
test-amd64-amd64-xl-pvshim pass
test-amd64-i386-xl-pvshim fail
test-amd64-amd64-pygrub pass
test-armhf-armhf-libvirt-qcow2 fail
test-amd64-amd64-xl-qcow2 pass
test-arm64-arm64-libvirt-raw blocked
test-armhf-armhf-libvirt-raw fail
test-amd64-i386-libvirt-raw pass
test-amd64-amd64-xl-rtds pass
test-armhf-armhf-xl-rtds pass
test-arm64-arm64-xl-seattle blocked
test-amd64-amd64-xl-qemuu-debianhvm-amd64-shadow pass
test-amd64-i386-xl-qemuu-debianhvm-amd64-shadow pass
test-amd64-amd64-xl-shadow pass
test-amd64-i386-xl-shadow pass
test-arm64-arm64-xl-thunderx blocked
test-amd64-amd64-examine-uefi pass
test-amd64-i386-examine-uefi pass
test-amd64-amd64-libvirt-vhd pass
test-arm64-arm64-xl-vhd blocked
test-armhf-armhf-xl-vhd pass
test-amd64-i386-xl-vhd pass
------------------------------------------------------------
sg-report-flight on osstest.test-lab.xenproject.org
logs: /home/logs/logs
images: /home/logs/images
Logs, config files, etc. are available at
http://logs.test-lab.xenproject.org/osstest/logs
Explanation of these reports, and of osstest in general, is at
http://xenbits.xen.org/gitweb/?p=osstest.git;a=blob;f=README.email;hb=master
http://xenbits.xen.org/gitweb/?p=osstest.git;a=blob;f=README;hb=master
Test harness code can be found at
http://xenbits.xen.org/gitweb?p=osstest.git;a=summary
Not pushing.
(No revision log; it would be 2244 lines long.)
Attachment:
OpenPGP_0xB0DE9DD628BF132F.asc
Description: OpenPGP public key
Attachment:
OpenPGP_signature
Description: OpenPGP digital signature
|