[Date Prev][Date Next][Thread Prev][Thread Next][Date Index][Thread Index] [xen-unstable-smoke test] 168454: tolerable all pass - PUSHED
flight 168454 xen-unstable-smoke real [real] http://logs.test-lab.xenproject.org/osstest/logs/168454/ Failures :-/ but no regressions. Tests which did not succeed, but are not blocking: test-amd64-amd64-libvirt 15 migrate-support-check fail never pass test-arm64-arm64-xl-xsm 15 migrate-support-check fail never pass test-arm64-arm64-xl-xsm 16 saverestore-support-check fail never pass test-armhf-armhf-xl 15 migrate-support-check fail never pass test-armhf-armhf-xl 16 saverestore-support-check fail never pass version targeted for testing: xen 4cb8d7a06752b368a365e30117f535a2fdad3963 baseline version: xen 1145d94c738ea13e0d2ceedb97a4cfe46292b08e Last test of basis 168399 2022-03-04 14:03:05 Z 2 days Testing same since 168454 2022-03-07 09:01:41 Z 0 days 1 attempts ------------------------------------------------------------ People who touched revisions under test: Andrew Cooper <andrew.cooper3@xxxxxxxxxx> Andrew Morton <akpm@xxxxxxxxxxxxxxxxxxxx> Daniel Walker <danielwa@xxxxxxxxx> Gao Xiang <hsiangkao@xxxxxxxxxxxxxxxxx> Jan Beulich <jbeulich@xxxxxxxx> Jiri Kosina <jkosina@xxxxxxx> Lasse Collin <lasse.collin@xxxxxxxxxxx> Linus Torvalds <torvalds@xxxxxxxxxxxxxxxxxxxx> Zhen Lei <thunder.leizhen@xxxxxxxxxx> jobs: build-arm64-xsm pass build-amd64 pass build-armhf pass build-amd64-libvirt pass test-armhf-armhf-xl pass test-arm64-arm64-xl-xsm pass test-amd64-amd64-xl-qemuu-debianhvm-amd64 pass test-amd64-amd64-libvirt pass ------------------------------------------------------------ sg-report-flight on osstest.test-lab.xenproject.org logs: /home/logs/logs images: /home/logs/images Logs, config files, etc. are available at http://logs.test-lab.xenproject.org/osstest/logs Explanation of these reports, and of osstest in general, is at http://xenbits.xen.org/gitweb/?p=osstest.git;a=blob;f=README.email;hb=master http://xenbits.xen.org/gitweb/?p=osstest.git;a=blob;f=README;hb=master Test harness code can be found at http://xenbits.xen.org/gitweb?p=osstest.git;a=summary Pushing revision : To xenbits.xen.org:/home/xen/git/xen.git 1145d94c73..4cb8d7a067 4cb8d7a06752b368a365e30117f535a2fdad3963 -> smoke
|
![]() |
Lists.xenproject.org is hosted with RackSpace, monitoring our |