[Date Prev][Date Next][Thread Prev][Thread Next][Date Index][Thread Index] [linux-5.4 test] 168334: tolerable FAIL - PUSHED
flight 168334 linux-5.4 real [real] flight 168353 linux-5.4 real-retest [real] http://logs.test-lab.xenproject.org/osstest/logs/168334/ http://logs.test-lab.xenproject.org/osstest/logs/168353/ Failures :-/ but no regressions. Tests which are failing intermittently (not blocking): test-amd64-amd64-xl-qemut-debianhvm-i386-xsm 12 debian-hvm-install fail pass in 168353-retest Regressions which are regarded as allowable (not blocking): test-armhf-armhf-xl-rtds 18 guest-start/debian.repeat fail REGR. vs. 168206 Tests which did not succeed, but are not blocking: test-amd64-amd64-xl-qemuu-win7-amd64 19 guest-stop fail like 168206 test-amd64-amd64-xl-qemut-win7-amd64 19 guest-stop fail like 168206 test-amd64-i386-xl-qemut-win7-amd64 19 guest-stop fail like 168206 test-armhf-armhf-libvirt 16 saverestore-support-check fail like 168206 test-amd64-amd64-qemuu-nested-amd 20 debian-hvm-install/l1/l2 fail like 168206 test-amd64-amd64-xl-qemuu-ws16-amd64 19 guest-stop fail like 168206 test-amd64-amd64-xl-qemut-ws16-amd64 19 guest-stop fail like 168206 test-amd64-i386-xl-qemuu-win7-amd64 19 guest-stop fail like 168206 test-amd64-i386-xl-qemut-ws16-amd64 19 guest-stop fail like 168206 test-armhf-armhf-libvirt-raw 15 saverestore-support-check fail like 168206 test-armhf-armhf-libvirt-qcow2 15 saverestore-support-check fail like 168206 test-amd64-i386-xl-qemuu-ws16-amd64 19 guest-stop fail like 168206 test-armhf-armhf-xl-multivcpu 15 migrate-support-check fail never pass test-armhf-armhf-xl-multivcpu 16 saverestore-support-check fail never pass test-amd64-i386-libvirt-qemuu-debianhvm-amd64-xsm 13 migrate-support-check fail never pass test-amd64-i386-xl-pvshim 14 guest-start fail never pass test-amd64-amd64-libvirt-xsm 15 migrate-support-check fail never pass test-amd64-amd64-libvirt 15 migrate-support-check fail never pass test-arm64-arm64-xl-seattle 15 migrate-support-check fail never pass test-arm64-arm64-xl-seattle 16 saverestore-support-check fail never pass test-amd64-i386-libvirt-xsm 15 migrate-support-check fail never pass test-amd64-i386-libvirt 15 migrate-support-check fail never pass test-armhf-armhf-xl-arndale 15 migrate-support-check fail never pass test-armhf-armhf-xl-arndale 16 saverestore-support-check fail never pass test-arm64-arm64-xl-credit2 15 migrate-support-check fail never pass test-arm64-arm64-xl-credit2 16 saverestore-support-check fail never pass test-arm64-arm64-xl 15 migrate-support-check fail never pass test-arm64-arm64-xl 16 saverestore-support-check fail never pass test-arm64-arm64-xl-credit1 15 migrate-support-check fail never pass test-arm64-arm64-xl-credit1 16 saverestore-support-check fail never pass test-arm64-arm64-xl-xsm 15 migrate-support-check fail never pass test-arm64-arm64-xl-xsm 16 saverestore-support-check fail never pass test-arm64-arm64-libvirt-xsm 15 migrate-support-check fail never pass test-arm64-arm64-libvirt-xsm 16 saverestore-support-check fail never pass test-arm64-arm64-xl-thunderx 15 migrate-support-check fail never pass test-arm64-arm64-xl-thunderx 16 saverestore-support-check fail never pass test-amd64-amd64-libvirt-vhd 14 migrate-support-check fail never pass test-armhf-armhf-xl 15 migrate-support-check fail never pass test-armhf-armhf-xl 16 saverestore-support-check fail never pass test-amd64-amd64-libvirt-qemuu-debianhvm-amd64-xsm 13 migrate-support-check fail never pass test-amd64-i386-libvirt-raw 14 migrate-support-check fail never pass test-armhf-armhf-xl-rtds 15 migrate-support-check fail never pass test-armhf-armhf-xl-rtds 16 saverestore-support-check fail never pass test-arm64-arm64-libvirt-raw 14 migrate-support-check fail never pass test-arm64-arm64-libvirt-raw 15 saverestore-support-check fail never pass test-armhf-armhf-xl-credit2 15 migrate-support-check fail never pass test-armhf-armhf-xl-credit2 16 saverestore-support-check fail never pass test-armhf-armhf-libvirt 15 migrate-support-check fail never pass test-armhf-armhf-xl-credit1 15 migrate-support-check fail never pass test-armhf-armhf-xl-credit1 16 saverestore-support-check fail never pass test-armhf-armhf-xl-cubietruck 15 migrate-support-check fail never pass test-armhf-armhf-xl-cubietruck 16 saverestore-support-check fail never pass test-arm64-arm64-xl-vhd 14 migrate-support-check fail never pass test-arm64-arm64-xl-vhd 15 saverestore-support-check fail never pass test-armhf-armhf-xl-vhd 14 migrate-support-check fail never pass test-armhf-armhf-xl-vhd 15 saverestore-support-check fail never pass test-armhf-armhf-libvirt-raw 14 migrate-support-check fail never pass test-armhf-armhf-libvirt-qcow2 14 migrate-support-check fail never pass version targeted for testing: linux 866ae42cf4788c8b18de6bda0a522362702861d7 baseline version: linux b6e8856b8a5f7fb8b2fc10636aa05cffed1781b9 Last test of basis 168206 2022-02-23 11:14:00 Z 7 days Testing same since 168334 2022-03-02 11:11:31 Z 0 days 1 attempts ------------------------------------------------------------ People who touched revisions under test: Al Viro <viro@xxxxxxxxxxxxxxxxxx> Alessandro B Maurici <abmaurici@xxxxxxxxx> Alex Deucher <alexander.deucher@xxxxxxx> Alexey Bayduraev <alexey.v.bayduraev@xxxxxxxxxxxxxxx> Ariel Levkovich <lariel@xxxxxxxxxx> Arnaldo Carvalho de Melo <acme@xxxxxxxxxx> Baokun Li <libaokun1@xxxxxxxxxx> Bart Van Assche <bvanassche@xxxxxxx> Brian Geffon <bgeffon@xxxxxxxxxx> Carel Si <beibei.si@xxxxxxxxx> ChenXiaoSong <chenxiaosong2@xxxxxxxxxx> Christoph Hellwig <hch@xxxxxx> Christophe JAILLET <christophe.jaillet@xxxxxxxxxx> Christophe Leroy <christophe.leroy@xxxxxxxxxx> Cosmin Tanislav <cosmin.tanislav@xxxxxxxxxx> Cosmin Tanislav <demonsingur@xxxxxxxxx> Daehwan Jung <dh10.jung@xxxxxxxxxxx> Damien Le Moal <damien.lemoal@xxxxxxxxxxxxxxxxxx> Dan Carpenter <dan.carpenter@xxxxxxxxxx> Daniel Borkmann <daniel@xxxxxxxxxxxxx> Daniel Bristot de Oliveira <bristot@xxxxxxxxxx> Daniel Starke <daniel.starke@xxxxxxxxxxx> daniel.starke@xxxxxxxxxxx <daniel.starke@xxxxxxxxxxx> Daniele Palmas <dnlplm@xxxxxxxxx> dann frazier <dann.frazier@xxxxxxxxxxxxx> Dave Hansen <dave.hansen@xxxxxxxxxxxxxxx> David S. Miller <davem@xxxxxxxxxxxxx> Dmytro Bagrii <dimich.dmb@xxxxxxxxx> Eric Dumazet <edumazet@xxxxxxxxxx> Evan Quan <evan.quan@xxxxxxx> Felix Maurer <fmaurer@xxxxxxxxxx> Florian Fainelli <f.fainelli@xxxxxxxxx> Florian Westphal <fw@xxxxxxxxx> Gal Pressman <gal@xxxxxxxxxx> Greg Kroah-Hartman <gregkh@xxxxxxxxxxxxxxxxxxx> Guenter Roeck <linux@xxxxxxxxxxxx> Hans de Goede <hdegoede@xxxxxxxxxx> Heiner Kallweit <hkallweit1@xxxxxxxxx> Helge Deller <deller@xxxxxx> Hongyu Xie <xiehongyu1@xxxxxxxxxx> Jakub Kicinski <kuba@xxxxxxxxxx> Jason Gunthorpe <jgg@xxxxxxxxxx> Jason Wang <jasowang@xxxxxxxxxx> Jens Wiklander <jens.wiklander@xxxxxxxxxx> Jiri Olsa <jolsa@xxxxxxxxxx> Johan Hovold <johan@xxxxxxxxxx> John Fastabend <john.fastabend@xxxxxxxxx> Jon Hunter <jonathanh@xxxxxxxxxx> Jonathan Cameron <Jonathan.Cameron@xxxxxxxxxx> Karol Herbst <kherbst@xxxxxxxxxx> Laibin Qiu <qiulaibin@xxxxxxxxxx> Linus Torvalds <torvalds@xxxxxxxxxxxxxxxxxxxx> Linus Walleij <linus.walleij@xxxxxxxxxx> Linux Kernel Functional Testing <lkft@xxxxxxxxxx> Maor Gottlieb <maorg@xxxxxxxxxx> Marc Zyngier <maz@xxxxxxxxxx> Marek Szyprowski <m.szyprowski@xxxxxxxxxxx> Mark Brown <broonie@xxxxxxxxxx> Mathias Nyman <mathias.nyman@xxxxxxxxxxxxxxx> Maxime Ripard <maxime@xxxxxxxxxx> Miaohe Lin <linmiaohe@xxxxxxxxxx> Miaoqian Lin <linmq006@xxxxxxxxx> Mike Rapoport <rppt@xxxxxxxxxxxxx> Oliver Neukum <oneukum@xxxxxxxx> Pablo Neira Ayuso <pablo@xxxxxxxxxxxxx> Paul Blakey <paulb@xxxxxxxxxx> Puma Hsu <pumahsu@xxxxxxxxxx> Saeed Mahameed <saeedm@xxxxxxxxxx> Sasha Levin <sashal@xxxxxxxxxx> Sebastian Andrzej Siewior <bigeasy@xxxxxxxxxxxxx> Sergey Shtylyov <s.shtylyov@xxxxxx> Shuah Khan <skhan@xxxxxxxxxxxxxxxxxxx> Siarhei Volkau <lis8215@xxxxxxxxx> Simon Horman <simon.horman@xxxxxxxxxxxx> Slade Watkins <slade@xxxxxxxxxxxxxxxx> Slark Xiao <slark_xiao@xxxxxxx> Stefano Garzarella <sgarzare@xxxxxxxxxx> Stephen Boyd <sboyd@xxxxxxxxxx> Steven Rostedt (Google) <rostedt@xxxxxxxxxxx> Sudip Mukherjee <sudip.mukherjee@xxxxxxxxxxxxxxx> Szymon Heidrich <szymon.heidrich@xxxxxxxxx> Tao Liu <thomas.liu@xxxxxxxxx> Tejun Heo <tj@xxxxxxxxxx> Waiman Long <longman@xxxxxxxxxx> Willis Kung <williskung@xxxxxxxxxx> Xiaoke Wang <xkernel.wang@xxxxxxxxxxx> Xin Long <lucien.xin@xxxxxxxxx> Yonghong Song <yhs@xxxxxx> Zhang Qiao <zhangqiao22@xxxxxxxxxx> Zhou Qingyang <zhou1615@xxxxxxx> jobs: build-amd64-xsm pass build-arm64-xsm pass build-i386-xsm pass build-amd64 pass build-arm64 pass build-armhf pass build-i386 pass build-amd64-libvirt pass build-arm64-libvirt pass build-armhf-libvirt pass build-i386-libvirt pass build-amd64-pvops pass build-arm64-pvops pass build-armhf-pvops pass build-i386-pvops pass test-amd64-amd64-xl pass test-amd64-coresched-amd64-xl pass test-arm64-arm64-xl pass test-armhf-armhf-xl pass test-amd64-i386-xl pass test-amd64-coresched-i386-xl pass test-amd64-amd64-libvirt-qemuu-debianhvm-amd64-xsm pass test-amd64-i386-libvirt-qemuu-debianhvm-amd64-xsm pass test-amd64-amd64-xl-qemut-stubdom-debianhvm-amd64-xsm pass test-amd64-i386-xl-qemut-stubdom-debianhvm-amd64-xsm pass test-amd64-amd64-xl-qemut-debianhvm-i386-xsm fail test-amd64-i386-xl-qemut-debianhvm-i386-xsm pass test-amd64-amd64-xl-qemuu-debianhvm-i386-xsm pass test-amd64-i386-xl-qemuu-debianhvm-i386-xsm pass test-amd64-amd64-libvirt-xsm pass test-arm64-arm64-libvirt-xsm pass test-amd64-i386-libvirt-xsm pass test-amd64-amd64-xl-xsm pass test-arm64-arm64-xl-xsm pass test-amd64-i386-xl-xsm pass test-amd64-amd64-qemuu-nested-amd fail test-amd64-amd64-xl-pvhv2-amd pass test-amd64-i386-qemut-rhel6hvm-amd pass test-amd64-i386-qemuu-rhel6hvm-amd pass test-amd64-amd64-dom0pvh-xl-amd pass test-amd64-amd64-xl-qemut-debianhvm-amd64 pass test-amd64-i386-xl-qemut-debianhvm-amd64 pass test-amd64-amd64-xl-qemuu-debianhvm-amd64 pass test-amd64-i386-xl-qemuu-debianhvm-amd64 pass test-amd64-i386-freebsd10-amd64 pass test-amd64-amd64-qemuu-freebsd11-amd64 pass test-amd64-amd64-qemuu-freebsd12-amd64 pass test-amd64-amd64-xl-qemuu-ovmf-amd64 pass test-amd64-i386-xl-qemuu-ovmf-amd64 pass test-amd64-amd64-xl-qemut-win7-amd64 fail test-amd64-i386-xl-qemut-win7-amd64 fail test-amd64-amd64-xl-qemuu-win7-amd64 fail test-amd64-i386-xl-qemuu-win7-amd64 fail test-amd64-amd64-xl-qemut-ws16-amd64 fail test-amd64-i386-xl-qemut-ws16-amd64 fail test-amd64-amd64-xl-qemuu-ws16-amd64 fail test-amd64-i386-xl-qemuu-ws16-amd64 fail test-armhf-armhf-xl-arndale pass test-amd64-amd64-examine-bios pass test-amd64-i386-examine-bios pass test-amd64-amd64-xl-credit1 pass test-arm64-arm64-xl-credit1 pass test-armhf-armhf-xl-credit1 pass test-amd64-amd64-xl-credit2 pass test-arm64-arm64-xl-credit2 pass test-armhf-armhf-xl-credit2 pass test-armhf-armhf-xl-cubietruck pass test-amd64-amd64-xl-qemuu-dmrestrict-amd64-dmrestrict pass test-amd64-i386-xl-qemuu-dmrestrict-amd64-dmrestrict pass test-amd64-amd64-examine pass test-arm64-arm64-examine pass test-armhf-armhf-examine pass test-amd64-i386-examine pass test-amd64-i386-freebsd10-i386 pass test-amd64-amd64-qemuu-nested-intel pass test-amd64-amd64-xl-pvhv2-intel pass test-amd64-i386-qemut-rhel6hvm-intel pass test-amd64-i386-qemuu-rhel6hvm-intel pass test-amd64-amd64-dom0pvh-xl-intel pass test-amd64-amd64-libvirt pass test-armhf-armhf-libvirt pass test-amd64-i386-libvirt pass test-amd64-amd64-xl-multivcpu pass test-armhf-armhf-xl-multivcpu pass test-amd64-amd64-pair pass test-amd64-i386-pair pass test-amd64-amd64-libvirt-pair pass test-amd64-i386-libvirt-pair pass test-amd64-amd64-xl-pvshim pass test-amd64-i386-xl-pvshim fail test-amd64-amd64-pygrub pass test-armhf-armhf-libvirt-qcow2 pass test-amd64-amd64-xl-qcow2 pass test-arm64-arm64-libvirt-raw pass test-armhf-armhf-libvirt-raw pass test-amd64-i386-libvirt-raw pass test-amd64-amd64-xl-rtds pass test-armhf-armhf-xl-rtds fail test-arm64-arm64-xl-seattle pass test-amd64-amd64-xl-qemuu-debianhvm-amd64-shadow pass test-amd64-i386-xl-qemuu-debianhvm-amd64-shadow pass test-amd64-amd64-xl-shadow pass test-amd64-i386-xl-shadow pass test-arm64-arm64-xl-thunderx pass test-amd64-amd64-examine-uefi pass test-amd64-i386-examine-uefi pass test-amd64-amd64-libvirt-vhd pass test-arm64-arm64-xl-vhd pass test-armhf-armhf-xl-vhd pass test-amd64-i386-xl-vhd pass ------------------------------------------------------------ sg-report-flight on osstest.test-lab.xenproject.org logs: /home/logs/logs images: /home/logs/images Logs, config files, etc. are available at http://logs.test-lab.xenproject.org/osstest/logs Explanation of these reports, and of osstest in general, is at http://xenbits.xen.org/gitweb/?p=osstest.git;a=blob;f=README.email;hb=master http://xenbits.xen.org/gitweb/?p=osstest.git;a=blob;f=README;hb=master Test harness code can be found at http://xenbits.xen.org/gitweb?p=osstest.git;a=summary Pushing revision : hint: The 'hooks/update' hook was ignored because it's not set as executable. hint: You can disable this warning with `git config advice.ignoredHook false`. hint: The 'hooks/post-receive' hook was ignored because it's not set as executable. hint: You can disable this warning with `git config advice.ignoredHook false`. hint: The 'hooks/post-update' hook was ignored because it's not set as executable. hint: You can disable this warning with `git config advice.ignoredHook false`. To xenbits.xen.org:/home/xen/git/linux-pvops.git b6e8856b8a5f..866ae42cf478 866ae42cf4788c8b18de6bda0a522362702861d7 -> tested/linux-5.4
|
![]() |
Lists.xenproject.org is hosted with RackSpace, monitoring our |