[Date Prev][Date Next][Thread Prev][Thread Next][Date Index][Thread Index] [linux-5.4 test] 167558: regressions - FAIL
flight 167558 linux-5.4 real [real] flight 167561 linux-5.4 real-retest [real] http://logs.test-lab.xenproject.org/osstest/logs/167558/ http://logs.test-lab.xenproject.org/osstest/logs/167561/ Regressions :-( Tests which did not succeed and are blocking, including tests which could not be run: test-amd64-amd64-xl-qemut-stubdom-debianhvm-amd64-xsm 18 guest-localmigrate/x10 fail REGR. vs. 167516 Tests which did not succeed, but are not blocking: test-amd64-amd64-xl-qemuu-win7-amd64 19 guest-stop fail like 167516 test-amd64-i386-xl-qemut-win7-amd64 19 guest-stop fail like 167516 test-amd64-amd64-xl-qemut-win7-amd64 19 guest-stop fail like 167516 test-armhf-armhf-libvirt 16 saverestore-support-check fail like 167516 test-amd64-amd64-xl-qemuu-ws16-amd64 19 guest-stop fail like 167516 test-amd64-amd64-xl-qemut-ws16-amd64 19 guest-stop fail like 167516 test-amd64-amd64-qemuu-nested-amd 20 debian-hvm-install/l1/l2 fail like 167516 test-amd64-i386-xl-qemuu-win7-amd64 19 guest-stop fail like 167516 test-amd64-i386-xl-qemut-ws16-amd64 19 guest-stop fail like 167516 test-armhf-armhf-libvirt-qcow2 15 saverestore-support-check fail like 167516 test-amd64-i386-xl-qemuu-ws16-amd64 19 guest-stop fail like 167516 test-armhf-armhf-libvirt-raw 15 saverestore-support-check fail like 167516 test-amd64-i386-libvirt-qemuu-debianhvm-amd64-xsm 13 migrate-support-check fail never pass test-amd64-i386-xl-pvshim 14 guest-start fail never pass test-amd64-amd64-libvirt-xsm 15 migrate-support-check fail never pass test-arm64-arm64-xl-seattle 15 migrate-support-check fail never pass test-arm64-arm64-xl-seattle 16 saverestore-support-check fail never pass test-amd64-amd64-libvirt 15 migrate-support-check fail never pass test-amd64-i386-libvirt 15 migrate-support-check fail never pass test-amd64-i386-libvirt-xsm 15 migrate-support-check fail never pass test-arm64-arm64-xl-credit1 15 migrate-support-check fail never pass test-arm64-arm64-xl-credit1 16 saverestore-support-check fail never pass test-arm64-arm64-xl-thunderx 15 migrate-support-check fail never pass test-arm64-arm64-xl-thunderx 16 saverestore-support-check fail never pass test-arm64-arm64-xl 15 migrate-support-check fail never pass test-arm64-arm64-xl 16 saverestore-support-check fail never pass test-arm64-arm64-libvirt-xsm 15 migrate-support-check fail never pass test-arm64-arm64-xl-xsm 15 migrate-support-check fail never pass test-arm64-arm64-libvirt-xsm 16 saverestore-support-check fail never pass test-arm64-arm64-xl-xsm 16 saverestore-support-check fail never pass test-arm64-arm64-xl-credit2 15 migrate-support-check fail never pass test-arm64-arm64-xl-credit2 16 saverestore-support-check fail never pass test-amd64-amd64-libvirt-qemuu-debianhvm-amd64-xsm 13 migrate-support-check fail never pass test-amd64-i386-libvirt-raw 14 migrate-support-check fail never pass test-armhf-armhf-xl-arndale 15 migrate-support-check fail never pass test-armhf-armhf-xl-arndale 16 saverestore-support-check fail never pass test-amd64-amd64-libvirt-vhd 14 migrate-support-check fail never pass test-arm64-arm64-libvirt-raw 14 migrate-support-check fail never pass test-arm64-arm64-libvirt-raw 15 saverestore-support-check fail never pass test-armhf-armhf-xl-credit2 15 migrate-support-check fail never pass test-armhf-armhf-xl-credit2 16 saverestore-support-check fail never pass test-arm64-arm64-xl-vhd 14 migrate-support-check fail never pass test-arm64-arm64-xl-vhd 15 saverestore-support-check fail never pass test-armhf-armhf-xl-multivcpu 15 migrate-support-check fail never pass test-armhf-armhf-xl-multivcpu 16 saverestore-support-check fail never pass test-armhf-armhf-libvirt 15 migrate-support-check fail never pass test-armhf-armhf-xl-rtds 15 migrate-support-check fail never pass test-armhf-armhf-xl-rtds 16 saverestore-support-check fail never pass test-armhf-armhf-xl-cubietruck 15 migrate-support-check fail never pass test-armhf-armhf-xl-cubietruck 16 saverestore-support-check fail never pass test-armhf-armhf-xl-credit1 15 migrate-support-check fail never pass test-armhf-armhf-xl-credit1 16 saverestore-support-check fail never pass test-armhf-armhf-xl-vhd 14 migrate-support-check fail never pass test-armhf-armhf-xl-vhd 15 saverestore-support-check fail never pass test-armhf-armhf-libvirt-qcow2 14 migrate-support-check fail never pass test-armhf-armhf-xl 15 migrate-support-check fail never pass test-armhf-armhf-xl 16 saverestore-support-check fail never pass test-armhf-armhf-libvirt-raw 14 migrate-support-check fail never pass version targeted for testing: linux 4ca2eaf1d477ce4316989b22e765fb915652b86e baseline version: linux 8f843cf57202d0db77b31adb8d2ebb93690e91f2 Last test of basis 167516 2021-12-22 08:44:19 Z 7 days Testing same since 167558 2021-12-29 11:42:58 Z 0 days 1 attempts ------------------------------------------------------------ People who touched revisions under test: Adrian Hunter <adrian.hunter@xxxxxxxxx> Andrea Righi <andrea.righi@xxxxxxxxxxxxx> Andrew Cooper <andrew.cooper3@xxxxxxxxxx> Andrew Morton <akpm@xxxxxxxxxxxxxxxxxxxx> Andrey Ryabinin <arbn@xxxxxxxxxxxxxxx> Ard Biesheuvel <ardb@xxxxxxxxxx> Benjamin Tissoires <benjamin.tissoires@xxxxxxxxxx> Borislav Petkov <bp@xxxxxxx> Bradley Scott <Bradley.Scott@xxxxxxxxx> Chao Yu <chao@xxxxxxxxxx> Chen-Yu Tsai <wens@xxxxxxxx> Colin Ian King <colin.i.king@xxxxxxxxx> Corey Minyard <cminyard@xxxxxxxxxx> Dave Hansen <dave.hansen@xxxxxxxxxxxxxxx> David Rientjes <rientjes@xxxxxxxxxx> David S. Miller <davem@xxxxxxxxxxxxx> Dmitry Torokhov <dmitry.torokhov@xxxxxxxxx> Dongliang Mu <mudongliangabcd@xxxxxxxxx> Fabien Dessenne <fabien.dessenne@xxxxxxxxxxx> Fernando Fernandez Mancera <ffmancera@xxxxxxxxxx> Florian Fainelli <f.fainelli@xxxxxxxxx> Greg Jesionowski <jesionowskigreg@xxxxxxxxx> Greg Kroah-Hartman <gregkh@xxxxxxxxxxxxxxxxxxx> Guenter Roeck <linux@xxxxxxxxxxxx> Guodong Liu <guodong.liu@xxxxxxxxxxxxxxxxxxxxxxxxxxxxxxxx> Hanjie Wu <nagi@xxxxxxxxxx> Helge Deller <deller@xxxxxx> Hulk Robot <hulkrobot@xxxxxxxxxx> Ignacy Gawędzki <ignacy.gawedzki@xxxxxxxxxxxxxxxxxxxxxxx> Jaegeuk Kim <jaegeuk@xxxxxxxxxx> Jakub Kicinski <kuba@xxxxxxxxxx> Jason Gunthorpe <jgg@xxxxxxxxxx> Jay Vosburgh <jay.vosburgh@xxxxxxxxxxxxx> Jens Wiklander <jens.wiklander@xxxxxxxxxx> Ji-Ze Hong (Peter Hong) <hpeter+linux_kernel@xxxxxxxxx> Ji-Ze Hong (Peter Hong) <hpeter@xxxxxxxxx> Jiasheng Jiang <jiasheng@xxxxxxxxxxx> John David Anglin <dave.anglin@xxxxxxxx> Josh Lehan <krellan@xxxxxxxxxx> José Expósito <jose.exposito89@xxxxxxxxx> Lin Ma <linma@xxxxxxxxxx> Linus Torvalds <torvalds@xxxxxxxxxxxxxxxxxxxx> Linus Walleij <linus.walleij@xxxxxxxxxx> Linux Kernel Functional Testing <lkft@xxxxxxxxxx> Marian Postevca <posteuca@xxxxxxxxx> Mark Brown <broonie@xxxxxxxxxx> Martin Habets <habetsm.xilinx@xxxxxxxxx> Maxime Ripard <maxime@xxxxxxxxxx> Mel Gorman <mgorman@xxxxxxxxxxxxxxxxxxx> Mian Yousaf Kaukab <ykaukab@xxxxxxx> Michal Hocko <mhocko@xxxxxxxx> Mike Marciniszyn <mike.marciniszyn@xxxxxxxxxxxxxxxxxxxx> Pablo Neira Ayuso <pablo@xxxxxxxxxxxxx> Paolo Bonzini <pbonzini@xxxxxxxxxx> Prathamesh Shete <pshete@xxxxxxxxxx> Robert Marko <robert.marko@xxxxxxxxxx> Ron Goossens <rgoossens@xxxxxxxxx> Russell King (Oracle) <rmk+kernel@xxxxxxxxxxxxxxx> Rémi Denis-Courmont <remi@xxxxxxxxxx> Samuel Holland <samuel@xxxxxxxxxxxx> Sasha Levin <sashal@xxxxxxxxxx> Sean Christopherson <seanjc@xxxxxxxxxx> Shuah Khan <skhan@xxxxxxxxxxxxxxxxxxx> Sudip Mukherjee <sudip.mukherjee@xxxxxxxxxxxxxxx> Sumit Garg <sumit.garg@xxxxxxxxxx> Takashi Iwai <tiwai@xxxxxxx> Thadeu Lima de Souza Cascardo <cascardo@xxxxxxxxxxxxx> Ulf Hansson <ulf.hansson@xxxxxxxxxx> Willem de Bruijn <willemb@xxxxxxxxxx> Wu Bo <wubo40@xxxxxxxxxx> Xiaoke Wang <xkernel.wang@xxxxxxxxxxx> Zhiyong Tao <zhiyong.tao@xxxxxxxxxxxx> jobs: build-amd64-xsm pass build-arm64-xsm pass build-i386-xsm pass build-amd64 pass build-arm64 pass build-armhf pass build-i386 pass build-amd64-libvirt pass build-arm64-libvirt pass build-armhf-libvirt pass build-i386-libvirt pass build-amd64-pvops pass build-arm64-pvops pass build-armhf-pvops pass build-i386-pvops pass test-amd64-amd64-xl pass test-amd64-coresched-amd64-xl pass test-arm64-arm64-xl pass test-armhf-armhf-xl pass test-amd64-i386-xl pass test-amd64-coresched-i386-xl pass test-amd64-amd64-libvirt-qemuu-debianhvm-amd64-xsm pass test-amd64-i386-libvirt-qemuu-debianhvm-amd64-xsm pass test-amd64-amd64-xl-qemut-stubdom-debianhvm-amd64-xsm fail test-amd64-i386-xl-qemut-stubdom-debianhvm-amd64-xsm pass test-amd64-amd64-xl-qemut-debianhvm-i386-xsm pass test-amd64-i386-xl-qemut-debianhvm-i386-xsm pass test-amd64-amd64-xl-qemuu-debianhvm-i386-xsm pass test-amd64-i386-xl-qemuu-debianhvm-i386-xsm pass test-amd64-amd64-libvirt-xsm pass test-arm64-arm64-libvirt-xsm pass test-amd64-i386-libvirt-xsm pass test-amd64-amd64-xl-xsm pass test-arm64-arm64-xl-xsm pass test-amd64-i386-xl-xsm pass test-amd64-amd64-qemuu-nested-amd fail test-amd64-amd64-xl-pvhv2-amd pass test-amd64-i386-qemut-rhel6hvm-amd pass test-amd64-i386-qemuu-rhel6hvm-amd pass test-amd64-amd64-dom0pvh-xl-amd pass test-amd64-amd64-xl-qemut-debianhvm-amd64 pass test-amd64-i386-xl-qemut-debianhvm-amd64 pass test-amd64-amd64-xl-qemuu-debianhvm-amd64 pass test-amd64-i386-xl-qemuu-debianhvm-amd64 pass test-amd64-i386-freebsd10-amd64 pass test-amd64-amd64-qemuu-freebsd11-amd64 pass test-amd64-amd64-qemuu-freebsd12-amd64 pass test-amd64-amd64-xl-qemuu-ovmf-amd64 pass test-amd64-i386-xl-qemuu-ovmf-amd64 pass test-amd64-amd64-xl-qemut-win7-amd64 fail test-amd64-i386-xl-qemut-win7-amd64 fail test-amd64-amd64-xl-qemuu-win7-amd64 fail test-amd64-i386-xl-qemuu-win7-amd64 fail test-amd64-amd64-xl-qemut-ws16-amd64 fail test-amd64-i386-xl-qemut-ws16-amd64 fail test-amd64-amd64-xl-qemuu-ws16-amd64 fail test-amd64-i386-xl-qemuu-ws16-amd64 fail test-armhf-armhf-xl-arndale pass test-amd64-amd64-examine-bios pass test-amd64-i386-examine-bios pass test-amd64-amd64-xl-credit1 pass test-arm64-arm64-xl-credit1 pass test-armhf-armhf-xl-credit1 pass test-amd64-amd64-xl-credit2 pass test-arm64-arm64-xl-credit2 pass test-armhf-armhf-xl-credit2 pass test-armhf-armhf-xl-cubietruck pass test-amd64-amd64-xl-qemuu-dmrestrict-amd64-dmrestrict pass test-amd64-i386-xl-qemuu-dmrestrict-amd64-dmrestrict pass test-amd64-amd64-examine pass test-arm64-arm64-examine pass test-armhf-armhf-examine pass test-amd64-i386-examine pass test-amd64-i386-freebsd10-i386 pass test-amd64-amd64-qemuu-nested-intel pass test-amd64-amd64-xl-pvhv2-intel pass test-amd64-i386-qemut-rhel6hvm-intel pass test-amd64-i386-qemuu-rhel6hvm-intel pass test-amd64-amd64-dom0pvh-xl-intel pass test-amd64-amd64-libvirt pass test-armhf-armhf-libvirt pass test-amd64-i386-libvirt pass test-amd64-amd64-xl-multivcpu pass test-armhf-armhf-xl-multivcpu pass test-amd64-amd64-pair pass test-amd64-i386-pair pass test-amd64-amd64-libvirt-pair pass test-amd64-i386-libvirt-pair pass test-amd64-amd64-xl-pvshim pass test-amd64-i386-xl-pvshim fail test-amd64-amd64-pygrub pass test-armhf-armhf-libvirt-qcow2 pass test-amd64-amd64-xl-qcow2 pass test-arm64-arm64-libvirt-raw pass test-armhf-armhf-libvirt-raw pass test-amd64-i386-libvirt-raw pass test-amd64-amd64-xl-rtds pass test-armhf-armhf-xl-rtds pass test-arm64-arm64-xl-seattle pass test-amd64-amd64-xl-qemuu-debianhvm-amd64-shadow pass test-amd64-i386-xl-qemuu-debianhvm-amd64-shadow pass test-amd64-amd64-xl-shadow pass test-amd64-i386-xl-shadow pass test-arm64-arm64-xl-thunderx pass test-amd64-amd64-examine-uefi pass test-amd64-i386-examine-uefi pass test-amd64-amd64-libvirt-vhd pass test-arm64-arm64-xl-vhd pass test-armhf-armhf-xl-vhd pass test-amd64-i386-xl-vhd pass ------------------------------------------------------------ sg-report-flight on osstest.test-lab.xenproject.org logs: /home/logs/logs images: /home/logs/images Logs, config files, etc. are available at http://logs.test-lab.xenproject.org/osstest/logs Explanation of these reports, and of osstest in general, is at http://xenbits.xen.org/gitweb/?p=osstest.git;a=blob;f=README.email;hb=master http://xenbits.xen.org/gitweb/?p=osstest.git;a=blob;f=README;hb=master Test harness code can be found at http://xenbits.xen.org/gitweb?p=osstest.git;a=summary Not pushing. (No revision log; it would be 1423 lines long.)
|
![]() |
Lists.xenproject.org is hosted with RackSpace, monitoring our |