[Date Prev][Date Next][Thread Prev][Thread Next][Date Index][Thread Index] [linux-linus test] 167531: tolerable FAIL - PUSHED
flight 167531 linux-linus real [real] http://logs.test-lab.xenproject.org/osstest/logs/167531/ Failures :-/ but no regressions. Regressions which are regarded as allowable (not blocking): test-armhf-armhf-xl-rtds 18 guest-start/debian.repeat fail REGR. vs. 167529 Tests which did not succeed, but are not blocking: test-amd64-amd64-xl-qemut-win7-amd64 19 guest-stop fail like 167529 test-amd64-amd64-qemuu-nested-amd 20 debian-hvm-install/l1/l2 fail like 167529 test-amd64-amd64-xl-qemuu-ws16-amd64 19 guest-stop fail like 167529 test-amd64-amd64-xl-qemut-ws16-amd64 19 guest-stop fail like 167529 test-amd64-amd64-xl-qemuu-win7-amd64 19 guest-stop fail like 167529 test-armhf-armhf-libvirt 16 saverestore-support-check fail like 167529 test-armhf-armhf-libvirt-raw 15 saverestore-support-check fail like 167529 test-armhf-armhf-libvirt-qcow2 15 saverestore-support-check fail like 167529 test-amd64-amd64-libvirt 15 migrate-support-check fail never pass test-amd64-amd64-libvirt-xsm 15 migrate-support-check fail never pass test-arm64-arm64-xl-seattle 15 migrate-support-check fail never pass test-arm64-arm64-xl-seattle 16 saverestore-support-check fail never pass test-arm64-arm64-xl 15 migrate-support-check fail never pass test-arm64-arm64-xl 16 saverestore-support-check fail never pass test-arm64-arm64-xl-credit2 15 migrate-support-check fail never pass test-arm64-arm64-xl-thunderx 15 migrate-support-check fail never pass test-arm64-arm64-xl-credit2 16 saverestore-support-check fail never pass test-arm64-arm64-xl-thunderx 16 saverestore-support-check fail never pass test-amd64-amd64-libvirt-qemuu-debianhvm-amd64-xsm 13 migrate-support-check fail never pass test-amd64-amd64-libvirt-qcow2 14 migrate-support-check fail never pass test-amd64-amd64-libvirt-raw 14 migrate-support-check fail never pass test-arm64-arm64-libvirt-raw 14 migrate-support-check fail never pass test-arm64-arm64-libvirt-raw 15 saverestore-support-check fail never pass test-armhf-armhf-xl 15 migrate-support-check fail never pass test-armhf-armhf-xl 16 saverestore-support-check fail never pass test-arm64-arm64-xl-vhd 14 migrate-support-check fail never pass test-arm64-arm64-xl-vhd 15 saverestore-support-check fail never pass test-armhf-armhf-xl-rtds 15 migrate-support-check fail never pass test-armhf-armhf-xl-rtds 16 saverestore-support-check fail never pass test-armhf-armhf-xl-credit2 15 migrate-support-check fail never pass test-armhf-armhf-xl-credit2 16 saverestore-support-check fail never pass test-armhf-armhf-xl-cubietruck 15 migrate-support-check fail never pass test-armhf-armhf-xl-cubietruck 16 saverestore-support-check fail never pass test-armhf-armhf-xl-credit1 15 migrate-support-check fail never pass test-armhf-armhf-xl-multivcpu 15 migrate-support-check fail never pass test-armhf-armhf-xl-credit1 16 saverestore-support-check fail never pass test-armhf-armhf-xl-multivcpu 16 saverestore-support-check fail never pass test-arm64-arm64-xl-credit1 15 migrate-support-check fail never pass test-arm64-arm64-xl-credit1 16 saverestore-support-check fail never pass test-arm64-arm64-libvirt-xsm 15 migrate-support-check fail never pass test-arm64-arm64-libvirt-xsm 16 saverestore-support-check fail never pass test-arm64-arm64-xl-xsm 15 migrate-support-check fail never pass test-arm64-arm64-xl-xsm 16 saverestore-support-check fail never pass test-armhf-armhf-xl-vhd 14 migrate-support-check fail never pass test-armhf-armhf-xl-vhd 15 saverestore-support-check fail never pass test-armhf-armhf-xl-arndale 15 migrate-support-check fail never pass test-armhf-armhf-xl-arndale 16 saverestore-support-check fail never pass test-armhf-armhf-libvirt 15 migrate-support-check fail never pass test-armhf-armhf-libvirt-raw 14 migrate-support-check fail never pass test-armhf-armhf-libvirt-qcow2 14 migrate-support-check fail never pass version targeted for testing: linux 7a29b11da9651ef6a970e2f6bfd276f053aeb06a baseline version: linux 996a18eb796a5ee61582dea3b76a4f88203887d9 Last test of basis 167529 2021-12-23 18:39:44 Z 0 days Testing same since 167531 2021-12-24 01:42:51 Z 0 days 1 attempts ------------------------------------------------------------ People who touched revisions under test: "Eric W. Biederman" <ebiederm@xxxxxxxxxxxx> Aleksander Jan Bajkowski <olek2@xxxxx> Alexander Lobakin <alexandr.lobakin@xxxxxxxxx> Alexey Gladkov <legion@xxxxxxxxxx> AngeloGioacchino Del Regno <angelogioacchino.delregno@xxxxxxxxxxxxx> Chun-Kuang Hu <chunkuang.hu@xxxxxxxxxx> Dan Carpenter <dan.carpenter@xxxxxxxxxx> Dave Airlie <airlied@xxxxxxxxxx> David S. Miller <davem@xxxxxxxxxxxxx> Eric Dumazet <edumazet@xxxxxxxxxx> Eric W. Biederman <ebiederm@xxxxxxxxxxxx> Fernando Fernandez Mancera <ffmancera@xxxxxxxxxx> Florian Westphal <fw@xxxxxxxxx> George Kennedy <george.kennedy@xxxxxxxxxx> Hanjie Wu <nagi@xxxxxxxxxx> Hayes Wang <hayeswang@xxxxxxxxxxx> Heiner Kallweit <hkallweit1@xxxxxxxxx> Hoang Le <hoang.h.le@xxxxxxxxxxxxxx> Ignacy Gawędzki <ignacy.gawedzki@xxxxxxxxxxxxxxxxxxxxxxx> Ignat Korchagin <ignat@xxxxxxxxxxxxxx> Jakub Kicinski <kuba@xxxxxxxxxx> Jani Nikula <jani.nikula@xxxxxxxxx> Jay Vosburgh <jay.vosburgh@xxxxxxxxxxxxx> Jens Axboe <axboe@xxxxxxxxx> Jeroen de Borst <jeroendb@xxxxxxxxxx> Jiasheng Jiang <jiasheng@xxxxxxxxxxx> Johannes Berg <johannes.berg@xxxxxxxxx> John Harrison <John.C.Harrison@xxxxxxxxx> Jon Maloy <jmaloy@xxxxxxxxxx> Kiran Bhandare <kiranx.bhandare@xxxxxxxxx> Lin Ma <linma@xxxxxxxxxx> Linus Torvalds <torvalds@xxxxxxxxxxxxxxxxxxxx> Maciej Fijalkowski <maciej.fijalkowski@xxxxxxxxx> Magnus Karlsson <magnus.karlsson@xxxxxxxxx> Marcos Del Sol Vives <marcos@xxxxxxxx> Marouen Ghodhbane <marouen.ghodhbane@xxxxxxx> Martin Habets <habetsm.xilinx@xxxxxxxxx> Martin Stolpe <martin.stolpe@xxxxxxxxx> Matthew Brost <matthew.brost@xxxxxxxxx> Namjae Jeon <linkinjeon@xxxxxxxxxx> Nikolay Aleksandrov <nikolay@xxxxxxxxxx> Nobuhiro Iwamatsu <nobuhiro1.iwamatsu@xxxxxxxxxxxxx> Pablo Neira Ayuso <pablo@xxxxxxxxxxxxx> Paolo Abeni <pabeni@xxxxxxxxxx> Paul Blakey <paulb@xxxxxxxxxx> Pavel Skripkin <paskripkin@xxxxxxxxx> Remi Pommarel <repk@xxxxxxxxxxxx> Rémi Denis-Courmont <remi@xxxxxxxxxx> Sean Anderson <sean.anderson@xxxxxxxx> Steve French <stfrench@xxxxxxxxxxxxx> Tony Nguyen <anthony.l.nguyen@xxxxxxxxx> Willem de Bruijn <willemb@xxxxxxxxxx> Xiang wangx <wangxiang@xxxxxxxxxx> Xiaoliang Yang <xiaoliang.yang_1@xxxxxxx> Yevhen Orlov <yevhen.orlov@xxxxxxxxxxx> jobs: build-amd64-xsm pass build-arm64-xsm pass build-i386-xsm pass build-amd64 pass build-arm64 pass build-armhf pass build-i386 pass build-amd64-libvirt pass build-arm64-libvirt pass build-armhf-libvirt pass build-i386-libvirt pass build-amd64-pvops pass build-arm64-pvops pass build-armhf-pvops pass build-i386-pvops pass test-amd64-amd64-xl pass test-amd64-coresched-amd64-xl pass test-arm64-arm64-xl pass test-armhf-armhf-xl pass test-amd64-amd64-libvirt-qemuu-debianhvm-amd64-xsm pass test-amd64-amd64-xl-qemut-stubdom-debianhvm-amd64-xsm pass test-amd64-amd64-xl-qemut-debianhvm-i386-xsm pass test-amd64-amd64-xl-qemuu-debianhvm-i386-xsm pass test-amd64-amd64-libvirt-xsm pass test-arm64-arm64-libvirt-xsm pass test-amd64-amd64-xl-xsm pass test-arm64-arm64-xl-xsm pass test-amd64-amd64-qemuu-nested-amd fail test-amd64-amd64-xl-pvhv2-amd pass test-amd64-amd64-dom0pvh-xl-amd pass test-amd64-amd64-xl-qemut-debianhvm-amd64 pass test-amd64-amd64-xl-qemuu-debianhvm-amd64 pass test-amd64-amd64-freebsd11-amd64 pass test-amd64-amd64-freebsd12-amd64 pass test-amd64-amd64-xl-qemuu-ovmf-amd64 pass test-amd64-amd64-xl-qemut-win7-amd64 fail test-amd64-amd64-xl-qemuu-win7-amd64 fail test-amd64-amd64-xl-qemut-ws16-amd64 fail test-amd64-amd64-xl-qemuu-ws16-amd64 fail test-armhf-armhf-xl-arndale pass test-amd64-amd64-examine-bios pass test-amd64-amd64-xl-credit1 pass test-arm64-arm64-xl-credit1 pass test-armhf-armhf-xl-credit1 pass test-amd64-amd64-xl-credit2 pass test-arm64-arm64-xl-credit2 pass test-armhf-armhf-xl-credit2 pass test-armhf-armhf-xl-cubietruck pass test-amd64-amd64-xl-qemuu-dmrestrict-amd64-dmrestrict pass test-amd64-amd64-examine pass test-arm64-arm64-examine pass test-armhf-armhf-examine pass test-amd64-amd64-qemuu-nested-intel pass test-amd64-amd64-xl-pvhv2-intel pass test-amd64-amd64-dom0pvh-xl-intel pass test-amd64-amd64-libvirt pass test-armhf-armhf-libvirt pass test-amd64-amd64-xl-multivcpu pass test-armhf-armhf-xl-multivcpu pass test-amd64-amd64-pair pass test-amd64-amd64-libvirt-pair pass test-amd64-amd64-xl-pvshim pass test-amd64-amd64-pygrub pass test-amd64-amd64-libvirt-qcow2 pass test-armhf-armhf-libvirt-qcow2 pass test-amd64-amd64-libvirt-raw pass test-arm64-arm64-libvirt-raw pass test-armhf-armhf-libvirt-raw pass test-amd64-amd64-xl-rtds pass test-armhf-armhf-xl-rtds fail test-arm64-arm64-xl-seattle pass test-amd64-amd64-xl-qemuu-debianhvm-amd64-shadow pass test-amd64-amd64-xl-shadow pass test-arm64-arm64-xl-thunderx pass test-amd64-amd64-examine-uefi pass test-amd64-amd64-xl-vhd pass test-arm64-arm64-xl-vhd pass test-armhf-armhf-xl-vhd pass ------------------------------------------------------------ sg-report-flight on osstest.test-lab.xenproject.org logs: /home/logs/logs images: /home/logs/images Logs, config files, etc. are available at http://logs.test-lab.xenproject.org/osstest/logs Explanation of these reports, and of osstest in general, is at http://xenbits.xen.org/gitweb/?p=osstest.git;a=blob;f=README.email;hb=master http://xenbits.xen.org/gitweb/?p=osstest.git;a=blob;f=README;hb=master Test harness code can be found at http://xenbits.xen.org/gitweb?p=osstest.git;a=summary Pushing revision : hint: The 'hooks/update' hook was ignored because it's not set as executable. hint: You can disable this warning with `git config advice.ignoredHook false`. hint: The 'hooks/post-receive' hook was ignored because it's not set as executable. hint: You can disable this warning with `git config advice.ignoredHook false`. hint: The 'hooks/post-update' hook was ignored because it's not set as executable. hint: You can disable this warning with `git config advice.ignoredHook false`. To xenbits.xen.org:/home/xen/git/linux-pvops.git 996a18eb796a..7a29b11da965 7a29b11da9651ef6a970e2f6bfd276f053aeb06a -> tested/linux-linus
|
![]() |
Lists.xenproject.org is hosted with RackSpace, monitoring our |