[Date Prev][Date Next][Thread Prev][Thread Next][Date Index][Thread Index] [linux-5.4 test] 167516: tolerable FAIL - PUSHED
flight 167516 linux-5.4 real [real] flight 167521 linux-5.4 real-retest [real] http://logs.test-lab.xenproject.org/osstest/logs/167516/ http://logs.test-lab.xenproject.org/osstest/logs/167521/ Failures :-/ but no regressions. Tests which are failing intermittently (not blocking): test-arm64-arm64-xl-vhd 17 guest-start/debian.repeat fail pass in 167521-retest test-amd64-amd64-xl-qemut-debianhvm-i386-xsm 12 debian-hvm-install fail pass in 167521-retest Tests which did not succeed, but are not blocking: test-amd64-amd64-xl-qemuu-win7-amd64 19 guest-stop fail like 167459 test-amd64-i386-xl-qemut-win7-amd64 19 guest-stop fail like 167459 test-amd64-amd64-xl-qemut-win7-amd64 19 guest-stop fail like 167459 test-armhf-armhf-libvirt 16 saverestore-support-check fail like 167459 test-amd64-amd64-xl-qemuu-ws16-amd64 19 guest-stop fail like 167459 test-amd64-amd64-xl-qemut-ws16-amd64 19 guest-stop fail like 167459 test-amd64-amd64-qemuu-nested-amd 20 debian-hvm-install/l1/l2 fail like 167459 test-amd64-i386-xl-qemuu-win7-amd64 19 guest-stop fail like 167459 test-amd64-i386-xl-qemut-ws16-amd64 19 guest-stop fail like 167459 test-armhf-armhf-libvirt-qcow2 15 saverestore-support-check fail like 167459 test-amd64-i386-xl-qemuu-ws16-amd64 19 guest-stop fail like 167459 test-armhf-armhf-libvirt-raw 15 saverestore-support-check fail like 167459 test-amd64-i386-libvirt-qemuu-debianhvm-amd64-xsm 13 migrate-support-check fail never pass test-amd64-i386-xl-pvshim 14 guest-start fail never pass test-amd64-amd64-libvirt-xsm 15 migrate-support-check fail never pass test-arm64-arm64-xl-seattle 15 migrate-support-check fail never pass test-arm64-arm64-xl-seattle 16 saverestore-support-check fail never pass test-amd64-amd64-libvirt 15 migrate-support-check fail never pass test-amd64-i386-libvirt 15 migrate-support-check fail never pass test-amd64-i386-libvirt-xsm 15 migrate-support-check fail never pass test-arm64-arm64-xl-credit1 15 migrate-support-check fail never pass test-arm64-arm64-xl-credit1 16 saverestore-support-check fail never pass test-arm64-arm64-xl 15 migrate-support-check fail never pass test-arm64-arm64-xl 16 saverestore-support-check fail never pass test-arm64-arm64-xl-xsm 15 migrate-support-check fail never pass test-arm64-arm64-xl-xsm 16 saverestore-support-check fail never pass test-arm64-arm64-libvirt-xsm 15 migrate-support-check fail never pass test-arm64-arm64-xl-credit2 15 migrate-support-check fail never pass test-arm64-arm64-libvirt-xsm 16 saverestore-support-check fail never pass test-arm64-arm64-xl-credit2 16 saverestore-support-check fail never pass test-arm64-arm64-xl-thunderx 15 migrate-support-check fail never pass test-arm64-arm64-xl-thunderx 16 saverestore-support-check fail never pass test-armhf-armhf-xl-arndale 15 migrate-support-check fail never pass test-armhf-armhf-xl-arndale 16 saverestore-support-check fail never pass test-amd64-amd64-libvirt-qemuu-debianhvm-amd64-xsm 13 migrate-support-check fail never pass test-amd64-amd64-libvirt-vhd 14 migrate-support-check fail never pass test-amd64-i386-libvirt-raw 14 migrate-support-check fail never pass test-arm64-arm64-libvirt-raw 14 migrate-support-check fail never pass test-arm64-arm64-libvirt-raw 15 saverestore-support-check fail never pass test-arm64-arm64-xl-vhd 14 migrate-support-check fail never pass test-arm64-arm64-xl-vhd 15 saverestore-support-check fail never pass test-armhf-armhf-xl-cubietruck 15 migrate-support-check fail never pass test-armhf-armhf-xl-cubietruck 16 saverestore-support-check fail never pass test-armhf-armhf-xl-credit1 15 migrate-support-check fail never pass test-armhf-armhf-xl-credit1 16 saverestore-support-check fail never pass test-armhf-armhf-xl-credit2 15 migrate-support-check fail never pass test-armhf-armhf-xl-credit2 16 saverestore-support-check fail never pass test-armhf-armhf-xl-multivcpu 15 migrate-support-check fail never pass test-armhf-armhf-xl-multivcpu 16 saverestore-support-check fail never pass test-armhf-armhf-libvirt 15 migrate-support-check fail never pass test-armhf-armhf-xl-rtds 15 migrate-support-check fail never pass test-armhf-armhf-xl-rtds 16 saverestore-support-check fail never pass test-armhf-armhf-xl-vhd 14 migrate-support-check fail never pass test-armhf-armhf-xl-vhd 15 saverestore-support-check fail never pass test-armhf-armhf-xl 15 migrate-support-check fail never pass test-armhf-armhf-xl 16 saverestore-support-check fail never pass test-armhf-armhf-libvirt-qcow2 14 migrate-support-check fail never pass test-armhf-armhf-libvirt-raw 14 migrate-support-check fail never pass version targeted for testing: linux 8f843cf57202d0db77b31adb8d2ebb93690e91f2 baseline version: linux e8ef940326efd17ca7fdd3cb8791c29a24b04f28 Last test of basis 167459 2021-12-17 09:41:27 Z 5 days Testing same since 167516 2021-12-22 08:44:19 Z 0 days 1 attempts ------------------------------------------------------------ People who touched revisions under test: Alex Bee <knaerzche@xxxxxxxxx> Alex Deucher <alexander.deucher@xxxxxxx> Alyssa Ross <hi@xxxxxxxxx> Anders Roxell <anders.roxell@xxxxxxxxxx> Arnd Bergmann <arnd@xxxxxxxx> Artem Lapkin <art@xxxxxxxxxx> Artem Lapkin <email2tema@xxxxxxxxx> Baowen Zheng <baowen.zheng@xxxxxxxxxxxx> Cong Wang <xiyou.wangcong@xxxxxxxxx> Cyril Novikov <cnovikov@xxxxxxxx> D. Wythe <alibuda@xxxxxxxxxxxxxxxxx> Damien Le Moal <damien.lemoal@xxxxxxxxxxxxxxxxxx> Daniel Borkmann <daniel@xxxxxxxxxxxxx> Daniele Palmas <dnlplm@xxxxxxxxx> David Ahern <dsahern@xxxxxxxxxx> David S. Miller <davem@xxxxxxxxxxxxx> Dinh Nguyen <dinguyen@xxxxxxxxxx> Dmitry Torokhov <dmitry.torokhov@xxxxxxxxx> Douglas Gilbert <dgilbert@xxxxxxxxxxxx> Dust Li <dust.li@xxxxxxxxxxxxxxxxx> Eric Dumazet <edumazet@xxxxxxxxxx> Fabio Estevam <festevam@xxxxxxxxx> Fabrice Gasnier <fabrice.gasnier@xxxxxxxxxxx> Felix Fietkau <nbd@xxxxxxxx> Florian Fainelli <f.fainelli@xxxxxxxxx> Gal Pressman <gal@xxxxxxxxxx> Gaosheng Cui <cuigaosheng1@xxxxxxxxxx> George Kennedy <george.kennedy@xxxxxxxxxx> George Kennedy<george.kennedy@xxxxxxxxxx> Greg Kroah-Hartman <gregkh@xxxxxxxxxxxxxxxxxxx> Guenter Roeck <linux@xxxxxxxxxxxx> Haimin Zhang <tcs.kernel@xxxxxxxxx> Hangbin Liu <liuhangbin@xxxxxxxxx> Hangyu Hua <hbh25y@xxxxxxxxx> Hawking Zhang <Hawking.Zhang@xxxxxxx> Heiko Carstens <hca@xxxxxxxxxxxxx> Heiko Stuebner <heiko@xxxxxxxxx> Hulk Robot <hulkrobot@xxxxxxxxxx> J. Bruce Fields <bfields@xxxxxxxxxx> Jakub Kicinski <kuba@xxxxxxxxxx> Jamal Hadi Salim <jhs@xxxxxxxxxxxx> Jason Wang <jasowang@xxxxxxxxxx> Jerome Marchand <jmarchan@xxxxxxxxxx> Jie2x Zhou <jie2x.zhou@xxxxxxxxx> Jimmy Wang <wangjm221@xxxxxxxxx> Jiri Pirko <jiri@xxxxxxxxxxxx> Joe Thornber <ejt@xxxxxxxxxx> Johan Hovold <johan@xxxxxxxxxx> Johannes Berg <johannes.berg@xxxxxxxxx> John Keeping <john@xxxxxxxxxxxx> Jon Hunter <jonathanh@xxxxxxxxxx> Jonathan Cameron <Jonathan.Cameron@xxxxxxxxxx> Juergen Gross <jgross@xxxxxxxx> Kalle Valo <kvalo@xxxxxxxxxxxxxx> Karen Sornek <karen.sornek@xxxxxxxxx> Karsten Graul <kgraul@xxxxxxxxxxxxx> Konrad Jankowski <konrad0.jankowski@xxxxxxxxx> Le Ma <le.ma@xxxxxxx> Leon Romanovsky <leonro@xxxxxxxxxx> Letu Ren <fantasquex@xxxxxxxxx> Linux Kernel Functional Testing <lkft@xxxxxxxxxx> Luca Coelho <luciano.coelho@xxxxxxxxx> Maarten Brock <m.brock@xxxxxxxxxxxxx> Maciej Fijalkowski <maciej.fijalkowski@xxxxxxxxx> Magnus Karlsson <magnus.karlsson@xxxxxxxxx> Marco Elver <elver@xxxxxxxxxx> Martin K. Petersen <martin.petersen@xxxxxxxxxx> Mauro Carvalho Chehab <mchehab+huawei@xxxxxxxxxx> Michael S. Tsirkin <mst@xxxxxxxxxx> Mike Snitzer <snitzer@xxxxxxxxxx> Mike Tipton <quic_mdtipton@xxxxxxxxxxx> Miklos Szeredi <mszeredi@xxxxxxxxxx> Mordechay Goodstein <mordechay.goodstein@xxxxxxxxx> Nathan Chancellor <natechancellor@xxxxxxxxx> Nathan Chancellor <nathan@xxxxxxxxxx> Nehal Bakulchandra Shah <Nehal-Bakulchandra.shah@xxxxxxx> Paolo Bonzini <pbonzini@xxxxxxxxxx> Paul E. McKenney <paulmck@xxxxxxxxxx> Paul Moore <paul@xxxxxxxxxxxxxx> Pavel Skripkin <paskripkin@xxxxxxxxx> Philipp Rudo <prudo@xxxxxxxxxx> Salvatore Bonaccorso <carnil@xxxxxxxxxx> Sasha Levin <sashal@xxxxxxxxxx> Sean Christopherson <seanjc@xxxxxxxxxx> Sean Young <sean@xxxxxxxx> Shawn Guo <shawnguo@xxxxxxxxxx> Shuah Khan <skhan@xxxxxxxxxxxxxxxxxxx> Simon Horman <simon.horman@xxxxxxxxxxxx> Stefan Roese <sr@xxxxxxx> Stephen Boyd <sboyd@xxxxxxxxxx> Steven Price <steven.price@xxxxxxx> Steven Rostedt (VMware) <rostedt@xxxxxxxxxxx> Sudeep Holla <sudeep.holla@xxxxxxx> Sudip Mukherjee <sudip.mukherjee@xxxxxxxxxxxxxxx> Suzuki K Poulose <suzuki.poulose@xxxxxxx> Thierry Reding <treding@xxxxxxxxxx> Thomas Gleixner <tglx@xxxxxxxxxxxxx> Toke Høiland-Jørgensen <toke@xxxxxxx> Tony Nguyen <anthony.l.nguyen@xxxxxxxxx> Vinod Koul <vkoul@xxxxxxxxxx> Vitaly Kuznetsov <vkuznets@xxxxxxxxxx> Vlad Buslov <vladbu@xxxxxxxxxxxx> Will Deacon <will@xxxxxxxxxx> Willem de Bruijn <willemb@xxxxxxxxxx> Yu Liao <liaoyu15@xxxxxxxxxx> jobs: build-amd64-xsm pass build-arm64-xsm pass build-i386-xsm pass build-amd64 pass build-arm64 pass build-armhf pass build-i386 pass build-amd64-libvirt pass build-arm64-libvirt pass build-armhf-libvirt pass build-i386-libvirt pass build-amd64-pvops pass build-arm64-pvops pass build-armhf-pvops pass build-i386-pvops pass test-amd64-amd64-xl pass test-amd64-coresched-amd64-xl pass test-arm64-arm64-xl pass test-armhf-armhf-xl pass test-amd64-i386-xl pass test-amd64-coresched-i386-xl pass test-amd64-amd64-libvirt-qemuu-debianhvm-amd64-xsm pass test-amd64-i386-libvirt-qemuu-debianhvm-amd64-xsm pass test-amd64-amd64-xl-qemut-stubdom-debianhvm-amd64-xsm pass test-amd64-i386-xl-qemut-stubdom-debianhvm-amd64-xsm pass test-amd64-amd64-xl-qemut-debianhvm-i386-xsm fail test-amd64-i386-xl-qemut-debianhvm-i386-xsm pass test-amd64-amd64-xl-qemuu-debianhvm-i386-xsm pass test-amd64-i386-xl-qemuu-debianhvm-i386-xsm pass test-amd64-amd64-libvirt-xsm pass test-arm64-arm64-libvirt-xsm pass test-amd64-i386-libvirt-xsm pass test-amd64-amd64-xl-xsm pass test-arm64-arm64-xl-xsm pass test-amd64-i386-xl-xsm pass test-amd64-amd64-qemuu-nested-amd fail test-amd64-amd64-xl-pvhv2-amd pass test-amd64-i386-qemut-rhel6hvm-amd pass test-amd64-i386-qemuu-rhel6hvm-amd pass test-amd64-amd64-dom0pvh-xl-amd pass test-amd64-amd64-xl-qemut-debianhvm-amd64 pass test-amd64-i386-xl-qemut-debianhvm-amd64 pass test-amd64-amd64-xl-qemuu-debianhvm-amd64 pass test-amd64-i386-xl-qemuu-debianhvm-amd64 pass test-amd64-i386-freebsd10-amd64 pass test-amd64-amd64-qemuu-freebsd11-amd64 pass test-amd64-amd64-qemuu-freebsd12-amd64 pass test-amd64-amd64-xl-qemuu-ovmf-amd64 pass test-amd64-i386-xl-qemuu-ovmf-amd64 pass test-amd64-amd64-xl-qemut-win7-amd64 fail test-amd64-i386-xl-qemut-win7-amd64 fail test-amd64-amd64-xl-qemuu-win7-amd64 fail test-amd64-i386-xl-qemuu-win7-amd64 fail test-amd64-amd64-xl-qemut-ws16-amd64 fail test-amd64-i386-xl-qemut-ws16-amd64 fail test-amd64-amd64-xl-qemuu-ws16-amd64 fail test-amd64-i386-xl-qemuu-ws16-amd64 fail test-armhf-armhf-xl-arndale pass test-amd64-amd64-examine-bios pass test-amd64-i386-examine-bios pass test-amd64-amd64-xl-credit1 pass test-arm64-arm64-xl-credit1 pass test-armhf-armhf-xl-credit1 pass test-amd64-amd64-xl-credit2 pass test-arm64-arm64-xl-credit2 pass test-armhf-armhf-xl-credit2 pass test-armhf-armhf-xl-cubietruck pass test-amd64-amd64-xl-qemuu-dmrestrict-amd64-dmrestrict pass test-amd64-i386-xl-qemuu-dmrestrict-amd64-dmrestrict pass test-amd64-amd64-examine pass test-arm64-arm64-examine pass test-armhf-armhf-examine pass test-amd64-i386-examine pass test-amd64-i386-freebsd10-i386 pass test-amd64-amd64-qemuu-nested-intel pass test-amd64-amd64-xl-pvhv2-intel pass test-amd64-i386-qemut-rhel6hvm-intel pass test-amd64-i386-qemuu-rhel6hvm-intel pass test-amd64-amd64-dom0pvh-xl-intel pass test-amd64-amd64-libvirt pass test-armhf-armhf-libvirt pass test-amd64-i386-libvirt pass test-amd64-amd64-xl-multivcpu pass test-armhf-armhf-xl-multivcpu pass test-amd64-amd64-pair pass test-amd64-i386-pair pass test-amd64-amd64-libvirt-pair pass test-amd64-i386-libvirt-pair pass test-amd64-amd64-xl-pvshim pass test-amd64-i386-xl-pvshim fail test-amd64-amd64-pygrub pass test-armhf-armhf-libvirt-qcow2 pass test-amd64-amd64-xl-qcow2 pass test-arm64-arm64-libvirt-raw pass test-armhf-armhf-libvirt-raw pass test-amd64-i386-libvirt-raw pass test-amd64-amd64-xl-rtds pass test-armhf-armhf-xl-rtds pass test-arm64-arm64-xl-seattle pass test-amd64-amd64-xl-qemuu-debianhvm-amd64-shadow pass test-amd64-i386-xl-qemuu-debianhvm-amd64-shadow pass test-amd64-amd64-xl-shadow pass test-amd64-i386-xl-shadow pass test-arm64-arm64-xl-thunderx pass test-amd64-amd64-examine-uefi pass test-amd64-i386-examine-uefi pass test-amd64-amd64-libvirt-vhd pass test-arm64-arm64-xl-vhd fail test-armhf-armhf-xl-vhd pass test-amd64-i386-xl-vhd pass ------------------------------------------------------------ sg-report-flight on osstest.test-lab.xenproject.org logs: /home/logs/logs images: /home/logs/images Logs, config files, etc. are available at http://logs.test-lab.xenproject.org/osstest/logs Explanation of these reports, and of osstest in general, is at http://xenbits.xen.org/gitweb/?p=osstest.git;a=blob;f=README.email;hb=master http://xenbits.xen.org/gitweb/?p=osstest.git;a=blob;f=README;hb=master Test harness code can be found at http://xenbits.xen.org/gitweb?p=osstest.git;a=summary Pushing revision : hint: The 'hooks/update' hook was ignored because it's not set as executable. hint: You can disable this warning with `git config advice.ignoredHook false`. hint: The 'hooks/post-receive' hook was ignored because it's not set as executable. hint: You can disable this warning with `git config advice.ignoredHook false`. hint: The 'hooks/post-update' hook was ignored because it's not set as executable. hint: You can disable this warning with `git config advice.ignoredHook false`. To xenbits.xen.org:/home/xen/git/linux-pvops.git e8ef940326ef..8f843cf57202 8f843cf57202d0db77b31adb8d2ebb93690e91f2 -> tested/linux-5.4
|
![]() |
Lists.xenproject.org is hosted with RackSpace, monitoring our |