|
[Date Prev][Date Next][Thread Prev][Thread Next][Date Index][Thread Index] [Xen-devel] [linux-4.1 baseline test] "Old" tested version had not actually been tested; therefore in this
flight we test it, rather than a new candidate. The baseline, if
any, is the most recent actually tested revision.
59031: tolerable trouble: blocked/broken/fail/pass
X-Osstest-Failures:
linux-4.1:test-armhf-armhf-xl-credit2:build-check(1):blocked:nonblocking
linux-4.1:test-armhf-armhf-xl-cubietruck:build-check(1):blocked:nonblocking
linux-4.1:test-armhf-armhf-xl-rtds:build-check(1):blocked:nonblocking
linux-4.1:test-armhf-armhf-xl-multivcpu:build-check(1):blocked:nonblocking
linux-4.1:test-armhf-armhf-libvirt:build-check(1):blocked:nonblocking
linux-4.1:test-armhf-armhf-xl-arndale:build-check(1):blocked:nonblocking
linux-4.1:test-armhf-armhf-libvirt-xsm:build-check(1):blocked:nonblocking
linux-4.1:test-armhf-armhf-xl:build-check(1):blocked:nonblocking
linux-4.1:build-armhf-libvirt:build-check(1):blocked:nonblocking
linux-4.1:test-amd64-i386-freebsd10-amd64:freebsd-install:fail:nonblocking
linux-4.1:test-amd64-i386-freebsd10-i386:freebsd-install:fail:nonblocking
linux-4.1:test-amd64-i386-libvirt-xsm:guest-start:fail:nonblocking
linux-4.1:test-amd64-amd64-xl-pvh-intel:guest-saverestore:fail:nonblocking
linux-4.1:test-amd64-amd64-xl-pvh-amd:guest-start:fail:nonblocking
linux-4.1:build-armhf:host-build-prep:fail:nonblocking
linux-4.1:test-amd64-i386-libvirt:migrate-support-check:fail:nonblocking
linux-4.1:test-amd64-amd64-libvirt-xsm:migrate-support-check:fail:nonblocking
linux-4.1:test-amd64-amd64-libvirt:migrate-support-check:fail:nonblocking
linux-4.1:test-amd64-i386-xl-qemut-debianhvm-amd64-xsm:guest-start/debianhvm.repeat:fail:nonblocking
linux-4.1:test-amd64-i386-xl-qemut-debianhvm-amd64:guest-start/debianhvm.repeat:fail:nonblocking
linux-4.1:test-armhf-armhf-xl-xsm:migrate-support-check:fail:nonblocking
linux-4.1:test-amd64-amd64-xl-qemuu-win7-amd64:guest-stop:fail:nonblocking
linux-4.1:test-amd64-i386-xl-qemuu-win7-amd64:guest-stop:fail:nonblocking
linux-4.1:test-amd64-i386-xl-qemut-win7-amd64:guest-stop:fail:nonblocking
linux-4.1:test-amd64-amd64-xl-qemut-winxpsp3:guest-start/win.repeat:fail:nonblocking
X-Osstest-Versions-This:
linux=b953c0d234bc72e8489d3bf51a276c5c4ec85345
X-Osstest-Versions-That:
linux=b953c0d234bc72e8489d3bf51a276c5c4ec85345
flight 59031 linux-4.1 real [real]
http://logs.test-lab.xenproject.org/osstest/logs/59031/
Failures :-/ but no regressions.
Tests which did not succeed, but are not blocking:
test-armhf-armhf-xl-credit2 1 build-check(1) blocked n/a
test-armhf-armhf-xl-cubietruck 1 build-check(1) blocked n/a
test-armhf-armhf-xl-rtds 1 build-check(1) blocked n/a
test-armhf-armhf-xl-multivcpu 1 build-check(1) blocked n/a
test-armhf-armhf-libvirt 1 build-check(1) blocked n/a
test-armhf-armhf-xl-arndale 1 build-check(1) blocked n/a
test-armhf-armhf-libvirt-xsm 1 build-check(1) blocked n/a
test-armhf-armhf-xl 1 build-check(1) blocked n/a
build-armhf-libvirt 1 build-check(1) blocked n/a
test-amd64-i386-freebsd10-amd64 9 freebsd-install fail never pass
test-amd64-i386-freebsd10-i386 9 freebsd-install fail never pass
test-amd64-i386-libvirt-xsm 11 guest-start fail never pass
test-amd64-amd64-xl-pvh-intel 13 guest-saverestore fail never pass
test-amd64-amd64-xl-pvh-amd 11 guest-start fail never pass
build-armhf 4 host-build-prep fail never pass
test-amd64-i386-libvirt 12 migrate-support-check fail never pass
test-amd64-amd64-libvirt-xsm 12 migrate-support-check fail never pass
test-amd64-amd64-libvirt 12 migrate-support-check fail never pass
test-amd64-i386-xl-qemut-debianhvm-amd64-xsm 18 guest-start/debianhvm.repeat
fail never pass
test-amd64-i386-xl-qemut-debianhvm-amd64 18 guest-start/debianhvm.repeat fail
never pass
test-armhf-armhf-xl-xsm 12 migrate-support-check fail never pass
test-amd64-amd64-xl-qemuu-win7-amd64 16 guest-stop fail never pass
test-amd64-i386-xl-qemuu-win7-amd64 16 guest-stop fail never pass
test-amd64-i386-xl-qemut-win7-amd64 16 guest-stop fail never pass
test-amd64-amd64-xl-qemut-winxpsp3 18 guest-start/win.repeat fail never pass
version targeted for testing:
linux b953c0d234bc72e8489d3bf51a276c5c4ec85345
baseline version:
linux b953c0d234bc72e8489d3bf51a276c5c4ec85345
Last test of basis 59031 2015-07-02 23:39:59 Z 0 days
Testing same since 0 1970-01-01 00:00:00 Z 16619 days 0 attempts
jobs:
build-amd64-xsm pass
build-armhf-xsm pass
build-i386-xsm pass
build-amd64 pass
build-armhf broken
build-i386 pass
build-amd64-libvirt pass
build-armhf-libvirt blocked
build-i386-libvirt pass
build-amd64-pvops pass
build-armhf-pvops pass
build-i386-pvops pass
build-amd64-rumpuserxen pass
build-i386-rumpuserxen pass
test-amd64-amd64-xl pass
test-armhf-armhf-xl blocked
test-amd64-i386-xl pass
test-amd64-amd64-xl-qemut-debianhvm-amd64-xsm pass
test-amd64-i386-xl-qemut-debianhvm-amd64-xsm fail
test-amd64-amd64-xl-qemuu-debianhvm-amd64-xsm pass
test-amd64-i386-xl-qemuu-debianhvm-amd64-xsm pass
test-amd64-amd64-xl-qemut-stubdom-debianhvm-amd64-xsm pass
test-amd64-i386-xl-qemut-stubdom-debianhvm-amd64-xsm pass
test-amd64-amd64-libvirt-xsm pass
test-armhf-armhf-libvirt-xsm blocked
test-amd64-i386-libvirt-xsm fail
test-amd64-amd64-xl-xsm pass
test-armhf-armhf-xl-xsm pass
test-amd64-i386-xl-xsm pass
test-amd64-amd64-xl-pvh-amd fail
test-amd64-i386-qemut-rhel6hvm-amd pass
test-amd64-i386-qemuu-rhel6hvm-amd pass
test-amd64-amd64-xl-qemut-debianhvm-amd64 pass
test-amd64-i386-xl-qemut-debianhvm-amd64 fail
test-amd64-amd64-xl-qemuu-debianhvm-amd64 pass
test-amd64-i386-xl-qemuu-debianhvm-amd64 pass
test-amd64-i386-freebsd10-amd64 fail
test-amd64-amd64-xl-qemuu-ovmf-amd64 pass
test-amd64-i386-xl-qemuu-ovmf-amd64 pass
test-amd64-amd64-rumpuserxen-amd64 pass
test-amd64-amd64-xl-qemut-win7-amd64 pass
test-amd64-i386-xl-qemut-win7-amd64 fail
test-amd64-amd64-xl-qemuu-win7-amd64 fail
test-amd64-i386-xl-qemuu-win7-amd64 fail
test-armhf-armhf-xl-arndale blocked
test-amd64-amd64-xl-credit2 pass
test-armhf-armhf-xl-credit2 blocked
test-armhf-armhf-xl-cubietruck blocked
test-amd64-i386-freebsd10-i386 fail
test-amd64-i386-rumpuserxen-i386 pass
test-amd64-amd64-xl-pvh-intel fail
test-amd64-i386-qemut-rhel6hvm-intel pass
test-amd64-i386-qemuu-rhel6hvm-intel pass
test-amd64-amd64-libvirt pass
test-armhf-armhf-libvirt blocked
test-amd64-i386-libvirt pass
test-amd64-amd64-xl-multivcpu pass
test-armhf-armhf-xl-multivcpu blocked
test-amd64-amd64-pair pass
test-amd64-i386-pair pass
test-amd64-amd64-xl-rtds pass
test-armhf-armhf-xl-rtds blocked
test-amd64-i386-xl-qemut-winxpsp3-vcpus1 pass
test-amd64-i386-xl-qemuu-winxpsp3-vcpus1 pass
test-amd64-amd64-xl-qemut-winxpsp3 fail
test-amd64-i386-xl-qemut-winxpsp3 pass
test-amd64-amd64-xl-qemuu-winxpsp3 pass
test-amd64-i386-xl-qemuu-winxpsp3 pass
------------------------------------------------------------
sg-report-flight on osstest.test-lab.xenproject.org
logs: /home/logs/logs
images: /home/logs/images
Logs, config files, etc. are available at
http://logs.test-lab.xenproject.org/osstest/logs
Explanation of these reports, and of osstest in general, is at
http://xenbits.xen.org/gitweb/?p=osstest.git;a=blob;f=README.email;hb=master
http://xenbits.xen.org/gitweb/?p=osstest.git;a=blob;f=README;hb=master
Test harness code can be found at
http://xenbits.xen.org/gitweb?p=osstest.git;a=summary
Published tested tree is already up to date.
_______________________________________________
Xen-devel mailing list
Xen-devel@xxxxxxxxxxxxx
http://lists.xen.org/xen-devel
|
![]() |
Lists.xenproject.org is hosted with RackSpace, monitoring our |