|   | 
      | 
  
  
      | 
      | 
  
 
     | 
    | 
  
  
     | 
    | 
  
  
    |   | 
      | 
  
  
    | 
         
xen-devel
[Xen-devel] [xen-unstable test] 5482: regressions - FAIL
 
flight 5482 xen-unstable real [real]
http://www.chiark.greenend.org.uk/~xensrcts/logs/5482/
Regressions :-(
Tests which did not succeed and are blocking:
 test-i386-i386-win           14 guest-start.2              fail REGR. vs. 5231
Tests which did not succeed, but are not blocking,
including regressions (tests previously passed) regarded as allowable:
 test-amd64-amd64-win         16 leak-check/check             fail   never pass
 test-amd64-amd64-xl-win       7 windows-install              fail   never pass
 test-amd64-i386-rhel6hvm-amd  8 guest-saverestore            fail   never pass
 test-amd64-i386-rhel6hvm-intel  8 guest-saverestore            fail never pass
 test-amd64-i386-win-vcpus1   16 leak-check/check             fail   never pass
 test-amd64-i386-win          16 leak-check/check             fail   never pass
 test-amd64-i386-xl-win-vcpus1  7 windows-install              fail  never pass
 test-amd64-xcpkern-i386-rhel6hvm-amd  8 guest-saverestore      fail never pass
 test-amd64-xcpkern-i386-rhel6hvm-intel  8 guest-saverestore    fail never pass
 test-amd64-xcpkern-i386-win  16 leak-check/check             fail   never pass
 test-amd64-xcpkern-i386-xl-win  7 windows-install              fail never pass
 test-i386-i386-xl-win         5 xen-boot                     fail    like 5237
 test-i386-xcpkern-i386-win   16 leak-check/check             fail   never pass
version targeted for testing:
 xen                  52e928af3637
baseline version:
 xen                  b59f04eb8978
------------------------------------------------------------
People who touched revisions under test:
  Andre Przywara <andre.przywara@xxxxxxx>
  Christoph Egger <Christoph.Egger@xxxxxxx>
  Daniel Kiper <dkiper@xxxxxxxxxxxx>
  Fengzhe Zhang <fengzhe.zhang@xxxxxxxxx>
  George Dunlap <george.dunlap@xxxxxxxxxx>
  Gianni Tedesco <gianni.tedesco@xxxxxxxxxx>
  Ian Campbell <ian.campbell@xxxxxxxxxx>
  Ian Campbell <Ian.Campbell@xxxxxxxxxxxxx>
  Ian Jackson <ian.jackson@xxxxxxxxxxxxx>
  Jim Fehlig <jfehlig@xxxxxxxxxx>
  John Weekes <lists.xen@xxxxxxxxxxxxxxxxxx>
  Juergen Gross <juergen.gross@xxxxxxxxxxxxxx>
  Kamala Narasimhan <kamala.narasimhan@xxxxxxxxxx>
  Keir Fraser <keir@xxxxxxx>
  M A Young <m.a.young@xxxxxxxxxxxx>
  Shan Haitao <haitao.shan@xxxxxxxxx>
  Stefano Stabellini <stefano.stabellini@xxxxxxxxxxxxx>
  Tim Deegan <Tim.Deegan@xxxxxxxxxx>
  user virtual <virtualusr@xxxxxxxxx>
  Wei Gang <gang.wei@xxxxxxxxx>
  Wei Wang <wei.wang2@xxxxxxx>
------------------------------------------------------------
jobs:
 build-i386-xcpkern                                           pass     
 build-amd64                                                  pass     
 build-i386                                                   pass     
 build-amd64-oldkern                                          pass     
 build-i386-oldkern                                           pass     
 build-amd64-pvops                                            pass     
 build-i386-pvops                                             pass     
 test-amd64-amd64-xl                                          pass     
 test-amd64-i386-xl                                           pass     
 test-i386-i386-xl                                            pass     
 test-amd64-xcpkern-i386-xl                                   pass     
 test-i386-xcpkern-i386-xl                                    pass     
 test-amd64-i386-rhel6hvm-amd                                 fail     
 test-amd64-xcpkern-i386-rhel6hvm-amd                         fail     
 test-amd64-i386-xl-credit2                                   pass     
 test-amd64-xcpkern-i386-xl-credit2                           pass     
 test-amd64-i386-rhel6hvm-intel                               fail     
 test-amd64-xcpkern-i386-rhel6hvm-intel                       fail     
 test-amd64-i386-xl-multivcpu                                 pass     
 test-amd64-xcpkern-i386-xl-multivcpu                         pass     
 test-amd64-amd64-pair                                        pass     
 test-amd64-i386-pair                                         pass     
 test-i386-i386-pair                                          pass     
 test-amd64-xcpkern-i386-pair                                 pass     
 test-i386-xcpkern-i386-pair                                  pass     
 test-amd64-amd64-pv                                          pass     
 test-amd64-i386-pv                                           pass     
 test-i386-i386-pv                                            pass     
 test-amd64-xcpkern-i386-pv                                   pass     
 test-i386-xcpkern-i386-pv                                    pass     
 test-amd64-i386-win-vcpus1                                   fail     
 test-amd64-i386-xl-win-vcpus1                                fail     
 test-amd64-amd64-win                                         fail     
 test-amd64-i386-win                                          fail     
 test-i386-i386-win                                           fail     
 test-amd64-xcpkern-i386-win                                  fail     
 test-i386-xcpkern-i386-win                                   fail     
 test-amd64-amd64-xl-win                                      fail     
 test-i386-i386-xl-win                                        fail     
 test-amd64-xcpkern-i386-xl-win                               fail     
------------------------------------------------------------
sg-report-flight on woking.cam.xci-test.com
logs: /home/xc_osstest/logs
images: /home/xc_osstest/images
Logs, config files, etc. are available at
    http://www.chiark.greenend.org.uk/~xensrcts/logs
Test harness code can be found at
    http://xenbits.xensource.com/gitweb?p=osstest.git;a=summary
Not pushing.
(No revision log; it would be 793 lines long.)
_______________________________________________
Xen-devel mailing list
Xen-devel@xxxxxxxxxxxxxxxxxxx
http://lists.xensource.com/xen-devel
 |   
 
| <Prev in Thread] | 
Current Thread | 
[Next in Thread>
 |  
- [Xen-devel] [xen-unstable test] 5482: regressions - FAIL,
xen . org <=
 
 
 |  
  
 | 
    | 
  
  
    |   | 
    |